{"id":4678,"date":"2026-09-02T02:46:17","date_gmt":"2026-09-02T02:46:17","guid":{"rendered":"https:\/\/universidadmadres.ar\/?page_id=4678"},"modified":"2026-09-02T02:46:18","modified_gmt":"2026-09-02T02:46:18","slug":"historia-de-las-madres-de-plaza-de-mayo-1986-2003-de-la-post-dictadura-a-ladecada-ganada","status":"publish","type":"page","link":"https:\/\/universidadmadres.ar\/?page_id=4678","title":{"rendered":"Historia de las Madres de Plaza de Mayo 1986 &#8211; 2003: de la post dictadura a lad\u00e9cada ganada"},"content":{"rendered":"\n<p class=\"has-medium-font-size wp-block-paragraph\">Docentes: Demetrio Iramain, Elisa Epstein, Julieta Zingoni, Fernando Aschkar, Felipe Rinesi, V\u00edctor Lupia.<br>\u25aa Modalidad de cursada: h\u00edbrida<br>\u25aa Inicia: martes 15 de septiembre<br>\u25aa Horario: 18:00<\/p>\n\n\n\n<p class=\"has-medium-font-size wp-block-paragraph\"><strong>Para inscribirse\u00a0<a href=\"https:\/\/docs.google.com\/forms\/d\/e\/1FAIpQLSebb0xj9cIcdh6pbsSgf-QNROgRkcXFViXRCEwhfALq70aqbg\/viewform\">ingresar a este enlace<\/a><\/strong><\/p>\n\n\n\n<p class=\"has-medium-font-size wp-block-paragraph\">Contenidos<br>La historia de las Madres de Plaza de Mayo es muy singular. Su surgimiento, consolidaci\u00f3n y expansi\u00f3n de objetivos, interpela a importantes actores de la vida pol\u00edtica, cultural, sindical, judicial de entonces, que exceden a la dictadura. Si bien se les reconoce el coraje y la valent\u00eda que las distingue, no sucede lo mismo con la enorme val\u00eda de sus formulaciones subjetivas y te\u00f3ricas. En este curso intentaremos hacerlo, analizando con detenimiento sus primeros 9 a\u00f1os de lucha, desde que salieron a la calle hasta que se produjo una ruptura interna.<\/p>\n\n\n\n<p class=\"has-medium-font-size wp-block-paragraph\"><strong>Clase 1:<\/strong><\/p>\n\n\n\n<p class=\"has-medium-font-size wp-block-paragraph\"><br>Impunidad total y memoria f\u00e9rtil. Rechazo a la reconciliaci\u00f3n y autocr\u00edtica de Balza; Juicios \u00e9ticos y populares Vs Juicios por la Verdad. Memoria f\u00e9rtil: rechazo a la reparaci\u00f3n econ\u00f3mica, los monumentos y la memoria individual.<\/p>\n\n\n\n<p class=\"has-medium-font-size wp-block-paragraph\"><strong>Clase 2:<\/strong><\/p>\n\n\n\n<p class=\"has-medium-font-size wp-block-paragraph\"><br>Las Madres, internacionalistas: participaci\u00f3n en conflictos fuera del pa\u00eds y viajes al extranjero: Per\u00fa del MRTA, EZLN, Pueblo Vasco, Irak, Yuguslavia, Israel. Brasil (MST)<\/p>\n\n\n\n<p class=\"has-medium-font-size wp-block-paragraph\"><strong>Clase 3:<\/strong><\/p>\n\n\n\n<p class=\"has-medium-font-size wp-block-paragraph\"><br>La continuidad de las Madres: recitales de rok para contar; Librer\u00eda, Universidad, Congresos, Radio; ECuNHi. Peri\u00f2dico<\/p>\n\n\n\n<p class=\"has-medium-font-size wp-block-paragraph\"><strong>Clase 4:<\/strong><\/p>\n\n\n\n<p class=\"has-medium-font-size wp-block-paragraph\"><br>Crisis del neoliberalismo y rebeli\u00f3n popular: 1999-2003, las Madres y los nuevos movimientos sociales (fogoneros, piqueteros, desocupados). Asunci\u00f3n de N\u00e9stor Kirchner. Protesta con propuesta.<\/p>\n\n\n\n<p class=\"has-medium-font-size wp-block-paragraph\"><strong>Para inscribirse\u00a0<a href=\"https:\/\/docs.google.com\/forms\/d\/e\/1FAIpQLSebb0xj9cIcdh6pbsSgf-QNROgRkcXFViXRCEwhfALq70aqbg\/viewform\">ingresar a este enlace<\/a><\/strong><\/p>\n\n\n\n<figure class=\"wp-block-image size-large\"><img loading=\"lazy\" decoding=\"async\" width=\"819\" height=\"1024\" src=\"https:\/\/universidadmadres.ar\/wp-content\/uploads\/2026\/09\/historia-madres-819x1024.jpeg\" alt=\"\" class=\"wp-image-4679\" srcset=\"https:\/\/universidadmadres.ar\/wp-content\/uploads\/2026\/09\/historia-madres-819x1024.jpeg 819w, https:\/\/universidadmadres.ar\/wp-content\/uploads\/2026\/09\/historia-madres-240x300.jpeg 240w, https:\/\/universidadmadres.ar\/wp-content\/uploads\/2026\/09\/historia-madres-768x960.jpeg 768w, https:\/\/universidadmadres.ar\/wp-content\/uploads\/2026\/09\/historia-madres.jpeg 1080w\" sizes=\"auto, (max-width: 819px) 100vw, 819px\" \/><\/figure>\n","protected":false},"excerpt":{"rendered":"<p>Docentes: Demetrio Iramain, Elisa Epstein, Julieta Zingoni, Fernando Aschkar, Felipe Rinesi, V\u00edctor Lupia.\u25aa Modalidad de cursada: h\u00edbrida\u25aa Inicia: martes 15 de septiembre\u25aa Horario: 18:00 Para inscribirse\u00a0ingresar a este enlace ContenidosLa historia de las Madres de Plaza de Mayo es muy singular. Su surgimiento, consolidaci\u00f3n y&#8230;<\/p>\n","protected":false},"author":2,"featured_media":4679,"parent":0,"menu_order":0,"comment_status":"closed","ping_status":"closed","template":"","meta":{"footnotes":""},"class_list":["post-4678","page","type-page","status-publish","has-post-thumbnail","hentry"],"_links":{"self":[{"href":"https:\/\/universidadmadres.ar\/index.php?rest_route=\/wp\/v2\/pages\/4678","targetHints":{"allow":["GET"]}}],"collection":[{"href":"https:\/\/universidadmadres.ar\/index.php?rest_route=\/wp\/v2\/pages"}],"about":[{"href":"https:\/\/universidadmadres.ar\/index.php?rest_route=\/wp\/v2\/types\/page"}],"author":[{"embeddable":true,"href":"https:\/\/universidadmadres.ar\/index.php?rest_route=\/wp\/v2\/users\/2"}],"replies":[{"embeddable":true,"href":"https:\/\/universidadmadres.ar\/index.php?rest_route=%2Fwp%2Fv2%2Fcomments&post=4678"}],"version-history":[{"count":1,"href":"https:\/\/universidadmadres.ar\/index.php?rest_route=\/wp\/v2\/pages\/4678\/revisions"}],"predecessor-version":[{"id":4680,"href":"https:\/\/universidadmadres.ar\/index.php?rest_route=\/wp\/v2\/pages\/4678\/revisions\/4680"}],"wp:featuredmedia":[{"embeddable":true,"href":"https:\/\/universidadmadres.ar\/index.php?rest_route=\/wp\/v2\/media\/4679"}],"wp:attachment":[{"href":"https:\/\/universidadmadres.ar\/index.php?rest_route=%2Fwp%2Fv2%2Fmedia&parent=4678"}],"curies":[{"name":"wp","href":"https:\/\/api.w.org\/{rel}","templated":true}]}}

Historia de las Madres de Plaza de Mayo 1986 &#8211; 2003: de la post dictadura a ladécada ganada

<p class="has-medium-font-size wp-block-paragraph">Docentes: Demetrio Iramain, Elisa Epstein, Julieta Zingoni, Fernando Aschkar, Felipe Rinesi, Víctor Lupia.<br>▪ Modalidad de cursada: híbrida<br>▪ Inicia: martes 15 de septiembre<br>▪ Horario: 18:00</p>



<p class="has-medium-font-size wp-block-paragraph"><strong>Para inscribirse <a href="https://docs.google.com/forms/d/e/1FAIpQLSebb0xj9cIcdh6pbsSgf-QNROgRkcXFViXRCEwhfALq70aqbg/viewform">ingresar a este enlace</a></strong></p>



<p class="has-medium-font-size wp-block-paragraph">Contenidos<br>La historia de las Madres de Plaza de Mayo es muy singular. Su surgimiento, consolidación y expansión de objetivos, interpela a importantes actores de la vida política, cultural, sindical, judicial de entonces, que exceden a la dictadura. Si bien se les reconoce el coraje y la valentía que las distingue, no sucede lo mismo con la enorme valía de sus formulaciones subjetivas y teóricas. En este curso intentaremos hacerlo, analizando con detenimiento sus primeros 9 años de lucha, desde que salieron a la calle hasta que se produjo una ruptura interna.</p>



<p class="has-medium-font-size wp-block-paragraph"><strong>Clase 1:</strong></p>



<p class="has-medium-font-size wp-block-paragraph"><br>Impunidad total y memoria fértil. Rechazo a la reconciliación y autocrítica de Balza; Juicios éticos y populares Vs Juicios por la Verdad. Memoria fértil: rechazo a la reparación económica, los monumentos y la memoria individual.</p>



<p class="has-medium-font-size wp-block-paragraph"><strong>Clase 2:</strong></p>



<p class="has-medium-font-size wp-block-paragraph"><br>Las Madres, internacionalistas: participación en conflictos fuera del país y viajes al extranjero: Perú del MRTA, EZLN, Pueblo Vasco, Irak, Yuguslavia, Israel. Brasil (MST)</p>



<p class="has-medium-font-size wp-block-paragraph"><strong>Clase 3:</strong></p>



<p class="has-medium-font-size wp-block-paragraph"><br>La continuidad de las Madres: recitales de rok para contar; Librería, Universidad, Congresos, Radio; ECuNHi. Periòdico</p>



<p class="has-medium-font-size wp-block-paragraph"><strong>Clase 4:</strong></p>



<p class="has-medium-font-size wp-block-paragraph"><br>Crisis del neoliberalismo y rebelión popular: 1999-2003, las Madres y los nuevos movimientos sociales (fogoneros, piqueteros, desocupados). Asunción de Néstor Kirchner. Protesta con propuesta.</p>



<p class="has-medium-font-size wp-block-paragraph"><strong>Para inscribirse <a href="https://docs.google.com/forms/d/e/1FAIpQLSebb0xj9cIcdh6pbsSgf-QNROgRkcXFViXRCEwhfALq70aqbg/viewform">ingresar a este enlace</a></strong></p>



<figure class="wp-block-image size-large"><img loading="lazy" decoding="async" width="819" height="1024" src="https://universidadmadres.ar/wp-content/uploads/2026/09/historia-madres-819x1024.jpeg" alt="" class="wp-image-4679" srcset="https://universidadmadres.ar/wp-content/uploads/2026/09/historia-madres-819x1024.jpeg 819w, https://universidadmadres.ar/wp-content/uploads/2026/09/historia-madres-240x300.jpeg 240w, https://universidadmadres.ar/wp-content/uploads/2026/09/historia-madres-768x960.jpeg 768w, https://universidadmadres.ar/wp-content/uploads/2026/09/historia-madres.jpeg 1080w" sizes="auto, (max-width: 819px) 100vw, 819px" /></figure>

<p>Docentes: Demetrio Iramain, Elisa Epstein, Julieta Zingoni, Fernando Aschkar, Felipe Rinesi, Víctor Lupia.▪ Modalidad de cursada: híbrida▪ Inicia: martes 15 de septiembre▪ Horario: 18:00 Para inscribirse ingresar a este enlace ContenidosLa historia de las Madres de Plaza de Mayo es muy singular. Su surgimiento, consolidación y&#8230;</p>
