{"id":4675,"date":"2026-09-02T02:42:44","date_gmt":"2026-09-02T02:42:44","guid":{"rendered":"https:\/\/universidadmadres.ar\/?page_id=4675"},"modified":"2026-09-02T02:42:45","modified_gmt":"2026-09-02T02:42:45","slug":"ciclo-de-pensamiento-revolucionario","status":"publish","type":"page","link":"https:\/\/universidadmadres.ar\/?page_id=4675","title":{"rendered":"Ciclo de Pensamiento Revolucionario"},"content":{"rendered":"\n<p class=\"has-medium-font-size wp-block-paragraph\">Inicio: Martes 15 de septiembre 20hs<br>Modalidad: virtual<\/p>\n\n\n\n<p class=\"has-medium-font-size wp-block-paragraph\"><strong>Para inscribirse\u00a0<a href=\"https:\/\/docs.google.com\/forms\/d\/e\/1FAIpQLSebb0xj9cIcdh6pbsSgf-QNROgRkcXFViXRCEwhfALq70aqbg\/viewform\">ingresar a este enlace<\/a><\/strong><br><br>De aqu\u00ed a fin de a\u00f1o proponemos un ciclo de encuentros destinado a acercarnos a la obra y al pensamiento de tres grandes figuras que, desde diferentes campos y contextos hist\u00f3ricos, realizaron aportes fundamentales para comprender las sociedades, sus conflictos y las posibilidades de transformaci\u00f3n.<br>La propuesta busca generar un espacio de formaci\u00f3n, intercambio y debate colectivo, contando con la participaci\u00f3n de docentes e intelectuales invitados que permitan profundizar en cada uno de estos pensadores desde distintas perspectivas.<br>A lo largo de tres encuentros, abordaremos el pensamiento de Sigmund Freud, Jos\u00e9 Carlos Mari\u00e1tegui y Fidel Castro, recuperando sus aportes y reflexionando sobre su vigencia en el presente.<br><\/p>\n\n\n\n<p class=\"has-medium-font-size wp-block-paragraph\">Objetivos<br>Promover espacios de formaci\u00f3n pol\u00edtica y cultural.<br>Acercar al p\u00fablico a la obra de grandes pensadores y referentes revolucionarios.<br>Generar instancias de intercambio y debate colectivo.<br>Reflexionar sobre la vigencia de sus ideas en la actualidad.<br>Fortalecer una mirada cr\u00edtica sobre nuestra realidad social, pol\u00edtica y cultural.<br><\/p>\n\n\n\n<p class=\"has-medium-font-size wp-block-paragraph\">Cronograma<br><\/p>\n\n\n\n<p class=\"has-medium-font-size wp-block-paragraph\">SEPTIEMBRE | SIGMUND FREUD<br>Nos acercaremos al pensamiento y la obra de Sigmund Freud, con la participaci\u00f3n del docente e intelectual Alfredo Grande.<br><\/p>\n\n\n\n<p class=\"has-medium-font-size wp-block-paragraph\">OCTUBRE | JOS\u00c9 CARLOS MARI\u00c1TEGUI<br>Conoceremos y profundizaremos en el pensamiento del revolucionario y te\u00f3rico peruano Jos\u00e9 Carlos Mari\u00e1tegui, a trav\u00e9s de un di\u00e1logo con el acad\u00e9mico peruano Antonio Zapata Velazco.<br><\/p>\n\n\n\n<p class=\"has-medium-font-size wp-block-paragraph\">NOVIEMBRE | FIDEL CASTRO<br>En el marco de la conmemoraci\u00f3n de los 100 a\u00f1os del nacimiento de Fidel Castro, abordaremos su pensamiento, trayectoria y legado revolucionario junto al reconocido intelectual Atilio Bor\u00f3n.<\/p>\n\n\n\n<p class=\"has-medium-font-size wp-block-paragraph\"><br>Coordina: Jose Ernesto Schulman<br>Se encuentra al frente de la Coordinadora Americana por los Derechos de los Pueblos y V\u00edctimas de la Persecuci\u00f3n Pol\u00edtica y mantiene el blog <a href=\"http:\/\/www.cronicasdelnuevosiglo.com\">www.cronicasdelnuevosiglo.com<\/a><br>Fue preso pol\u00edtico y luego testigo y querellante en los juicios por delitos de lesa humanidad en Santa Fe, logrando la condena del ex juez V\u00edctor Brusa. Entre 2005 y 2021 fue Secretario Nacional y Presidente de la Liga Argentina por los Derechos del Hombre (LADH).<\/p>\n\n\n\n<p class=\"has-medium-font-size wp-block-paragraph\">Particip\u00f3 en misiones de observaci\u00f3n en Paraguay, Per\u00fa, Chile, Guatemala, Colombia y Palestina, donde visit\u00f3 c\u00e1rceles, zonas en conflicto, sitios de memoria y actividades con movimientos sociales.<br>Fue observador en elecciones en Venezuela y particip\u00f3 en foros sobre lawfare y derechos humanos en el marco del ALBA Movimientos. Autor de Cr\u00f3nicas Palestinas, combina activismo pol\u00edtico, compromiso internacional y producci\u00f3n intelectual al servicio de los pueblos y sus lucha.<\/p>\n\n\n\n<p class=\"has-medium-font-size wp-block-paragraph\"><strong>Para inscribirse\u00a0<a href=\"https:\/\/docs.google.com\/forms\/d\/e\/1FAIpQLSebb0xj9cIcdh6pbsSgf-QNROgRkcXFViXRCEwhfALq70aqbg\/viewform\">ingresar a este enlace<\/a><\/strong><\/p>\n\n\n\n<figure class=\"wp-block-image size-large\"><img loading=\"lazy\" decoding=\"async\" width=\"1024\" height=\"1024\" src=\"https:\/\/universidadmadres.ar\/wp-content\/uploads\/2026\/09\/pensar-revo-1024x1024.jpeg\" alt=\"\" class=\"wp-image-4676\" srcset=\"https:\/\/universidadmadres.ar\/wp-content\/uploads\/2026\/09\/pensar-revo-1024x1024.jpeg 1024w, https:\/\/universidadmadres.ar\/wp-content\/uploads\/2026\/09\/pensar-revo-300x300.jpeg 300w, https:\/\/universidadmadres.ar\/wp-content\/uploads\/2026\/09\/pensar-revo-150x150.jpeg 150w, https:\/\/universidadmadres.ar\/wp-content\/uploads\/2026\/09\/pensar-revo-768x768.jpeg 768w, https:\/\/universidadmadres.ar\/wp-content\/uploads\/2026\/09\/pensar-revo-550x550.jpeg 550w, https:\/\/universidadmadres.ar\/wp-content\/uploads\/2026\/09\/pensar-revo-1125x1125.jpeg 1125w, https:\/\/universidadmadres.ar\/wp-content\/uploads\/2026\/09\/pensar-revo.jpeg 1181w\" sizes=\"auto, (max-width: 1024px) 100vw, 1024px\" \/><\/figure>\n","protected":false},"excerpt":{"rendered":"<p>Inicio: Martes 15 de septiembre 20hsModalidad: virtual Para inscribirse\u00a0ingresar a este enlace De aqu\u00ed a fin de a\u00f1o proponemos un ciclo de encuentros destinado a acercarnos a la obra y al pensamiento de tres grandes figuras que, desde diferentes campos y contextos hist\u00f3ricos, realizaron aportes&#8230;<\/p>\n","protected":false},"author":2,"featured_media":4676,"parent":0,"menu_order":0,"comment_status":"closed","ping_status":"closed","template":"","meta":{"footnotes":""},"class_list":["post-4675","page","type-page","status-publish","has-post-thumbnail","hentry"],"_links":{"self":[{"href":"https:\/\/universidadmadres.ar\/index.php?rest_route=\/wp\/v2\/pages\/4675","targetHints":{"allow":["GET"]}}],"collection":[{"href":"https:\/\/universidadmadres.ar\/index.php?rest_route=\/wp\/v2\/pages"}],"about":[{"href":"https:\/\/universidadmadres.ar\/index.php?rest_route=\/wp\/v2\/types\/page"}],"author":[{"embeddable":true,"href":"https:\/\/universidadmadres.ar\/index.php?rest_route=\/wp\/v2\/users\/2"}],"replies":[{"embeddable":true,"href":"https:\/\/universidadmadres.ar\/index.php?rest_route=%2Fwp%2Fv2%2Fcomments&post=4675"}],"version-history":[{"count":1,"href":"https:\/\/universidadmadres.ar\/index.php?rest_route=\/wp\/v2\/pages\/4675\/revisions"}],"predecessor-version":[{"id":4677,"href":"https:\/\/universidadmadres.ar\/index.php?rest_route=\/wp\/v2\/pages\/4675\/revisions\/4677"}],"wp:featuredmedia":[{"embeddable":true,"href":"https:\/\/universidadmadres.ar\/index.php?rest_route=\/wp\/v2\/media\/4676"}],"wp:attachment":[{"href":"https:\/\/universidadmadres.ar\/index.php?rest_route=%2Fwp%2Fv2%2Fmedia&parent=4675"}],"curies":[{"name":"wp","href":"https:\/\/api.w.org\/{rel}","templated":true}]}}

<p class="has-medium-font-size wp-block-paragraph">Inicio: Martes 15 de septiembre 20hs<br>Modalidad: virtual</p>



<p class="has-medium-font-size wp-block-paragraph"><strong>Para inscribirse <a href="https://docs.google.com/forms/d/e/1FAIpQLSebb0xj9cIcdh6pbsSgf-QNROgRkcXFViXRCEwhfALq70aqbg/viewform">ingresar a este enlace</a></strong><br><br>De aquí a fin de año proponemos un ciclo de encuentros destinado a acercarnos a la obra y al pensamiento de tres grandes figuras que, desde diferentes campos y contextos históricos, realizaron aportes fundamentales para comprender las sociedades, sus conflictos y las posibilidades de transformación.<br>La propuesta busca generar un espacio de formación, intercambio y debate colectivo, contando con la participación de docentes e intelectuales invitados que permitan profundizar en cada uno de estos pensadores desde distintas perspectivas.<br>A lo largo de tres encuentros, abordaremos el pensamiento de Sigmund Freud, José Carlos Mariátegui y Fidel Castro, recuperando sus aportes y reflexionando sobre su vigencia en el presente.<br></p>



<p class="has-medium-font-size wp-block-paragraph">Objetivos<br>Promover espacios de formación política y cultural.<br>Acercar al público a la obra de grandes pensadores y referentes revolucionarios.<br>Generar instancias de intercambio y debate colectivo.<br>Reflexionar sobre la vigencia de sus ideas en la actualidad.<br>Fortalecer una mirada crítica sobre nuestra realidad social, política y cultural.<br></p>



<p class="has-medium-font-size wp-block-paragraph">Cronograma<br></p>



<p class="has-medium-font-size wp-block-paragraph">SEPTIEMBRE | SIGMUND FREUD<br>Nos acercaremos al pensamiento y la obra de Sigmund Freud, con la participación del docente e intelectual Alfredo Grande.<br></p>



<p class="has-medium-font-size wp-block-paragraph">OCTUBRE | JOSÉ CARLOS MARIÁTEGUI<br>Conoceremos y profundizaremos en el pensamiento del revolucionario y teórico peruano José Carlos Mariátegui, a través de un diálogo con el académico peruano Antonio Zapata Velazco.<br></p>



<p class="has-medium-font-size wp-block-paragraph">NOVIEMBRE | FIDEL CASTRO<br>En el marco de la conmemoración de los 100 años del nacimiento de Fidel Castro, abordaremos su pensamiento, trayectoria y legado revolucionario junto al reconocido intelectual Atilio Borón.</p>



<p class="has-medium-font-size wp-block-paragraph"><br>Coordina: Jose Ernesto Schulman<br>Se encuentra al frente de la Coordinadora Americana por los Derechos de los Pueblos y Víctimas de la Persecución Política y mantiene el blog <a href="http://www.cronicasdelnuevosiglo.com">www.cronicasdelnuevosiglo.com</a><br>Fue preso político y luego testigo y querellante en los juicios por delitos de lesa humanidad en Santa Fe, logrando la condena del ex juez Víctor Brusa. Entre 2005 y 2021 fue Secretario Nacional y Presidente de la Liga Argentina por los Derechos del Hombre (LADH).</p>



<p class="has-medium-font-size wp-block-paragraph">Participó en misiones de observación en Paraguay, Perú, Chile, Guatemala, Colombia y Palestina, donde visitó cárceles, zonas en conflicto, sitios de memoria y actividades con movimientos sociales.<br>Fue observador en elecciones en Venezuela y participó en foros sobre lawfare y derechos humanos en el marco del ALBA Movimientos. Autor de Crónicas Palestinas, combina activismo político, compromiso internacional y producción intelectual al servicio de los pueblos y sus lucha.</p>



<p class="has-medium-font-size wp-block-paragraph"><strong>Para inscribirse <a href="https://docs.google.com/forms/d/e/1FAIpQLSebb0xj9cIcdh6pbsSgf-QNROgRkcXFViXRCEwhfALq70aqbg/viewform">ingresar a este enlace</a></strong></p>



<figure class="wp-block-image size-large"><img loading="lazy" decoding="async" width="1024" height="1024" src="https://universidadmadres.ar/wp-content/uploads/2026/09/pensar-revo-1024x1024.jpeg" alt="" class="wp-image-4676" srcset="https://universidadmadres.ar/wp-content/uploads/2026/09/pensar-revo-1024x1024.jpeg 1024w, https://universidadmadres.ar/wp-content/uploads/2026/09/pensar-revo-300x300.jpeg 300w, https://universidadmadres.ar/wp-content/uploads/2026/09/pensar-revo-150x150.jpeg 150w, https://universidadmadres.ar/wp-content/uploads/2026/09/pensar-revo-768x768.jpeg 768w, https://universidadmadres.ar/wp-content/uploads/2026/09/pensar-revo-550x550.jpeg 550w, https://universidadmadres.ar/wp-content/uploads/2026/09/pensar-revo-1125x1125.jpeg 1125w, https://universidadmadres.ar/wp-content/uploads/2026/09/pensar-revo.jpeg 1181w" sizes="auto, (max-width: 1024px) 100vw, 1024px" /></figure>

<p>Inicio: Martes 15 de septiembre 20hsModalidad: virtual Para inscribirse ingresar a este enlace De aquí a fin de año proponemos un ciclo de encuentros destinado a acercarnos a la obra y al pensamiento de tres grandes figuras que, desde diferentes campos y contextos históricos, realizaron aportes&#8230;</p>
