{"id":4654,"date":"2026-09-02T01:58:24","date_gmt":"2026-09-02T01:58:24","guid":{"rendered":"https:\/\/universidadmadres.ar\/?page_id=4654"},"modified":"2026-09-02T02:13:47","modified_gmt":"2026-09-02T02:13:47","slug":"cine-e-historia-i-la-construccion-de-la-argentina","status":"publish","type":"page","link":"https:\/\/universidadmadres.ar\/?page_id=4654","title":{"rendered":"Cine e Historia I: la construcci\u00f3n de la Argentina"},"content":{"rendered":"\n<p class=\"has-medium-font-size wp-block-paragraph\">Cronograma:<br>Inicio: martes 15 de septiembre<br>Hora: 20 hs<br>Modalidad: Virtual \u2013 4 encuentros<br>Finaliza: martes 6 de octubre<\/p>\n\n\n\n<p class=\"has-medium-font-size wp-block-paragraph\"><strong>Para inscribirse\u00a0<a href=\"https:\/\/docs.google.com\/forms\/d\/e\/1FAIpQLSebb0xj9cIcdh6pbsSgf-QNROgRkcXFViXRCEwhfALq70aqbg\/viewform\">ingresar a este enlace<\/a><\/strong><\/p>\n\n\n\n<p class=\"has-medium-font-size wp-block-paragraph\">Breve introducci\u00f3n:<\/p>\n\n\n\n<p class=\"has-medium-font-size wp-block-paragraph\">Nos proponemos indagar a partir del cine nacional en la construcci\u00f3n de la Argentina, tanto desde su g\u00e9nesis como Naci\u00f3n Soberana hasta su constituci\u00f3n como Estado Moderno. Una b\u00fasqueda por los pasajes centrales de un recorrido que se ha consolidado de un modo m\u00edtico, en tanto \u201chistoria oficial\u201d, pero que ofrece m\u00faltiples perspectivas que nos permiten reinterpretar el modo en que se ha construido nuestro ser nacional. Ser\u00e1 por lo tanto una propuesta de lectura de la Argentina del Siglo XIX con todas sus herencias a\u00fan vigentes, fundamentales para comprender el presente de nuestro pa\u00eds.<\/p>\n\n\n\n<p class=\"has-medium-font-size wp-block-paragraph\"><strong>Clase 1: O\u00edd mortales: una naci\u00f3n que comienza<\/strong><\/p>\n\n\n\n<p class=\"has-medium-font-size wp-block-paragraph\">Moreno (Ardito-Molina, 2013), La guerra gaucha (Lucas Demare, 1942), Revoluci\u00f3n, el cruce de los Andes (Leandro Ipi\u00f1a, 2010).<\/p>\n\n\n\n<p class=\"has-medium-font-size wp-block-paragraph\"><strong>Clase 2: Unitarios o federales: un dilema nacional<\/strong><\/p>\n\n\n\n<p class=\"has-medium-font-size wp-block-paragraph\">Juan Manuel de Rosas (Manuel Antin, 1972), Yo mat\u00e9 a Facundo (Hugo del Carril, 1975), Camila (Mar\u00eda Luisa Bemberg, 1984)<\/p>\n\n\n\n<p class=\"has-medium-font-size wp-block-paragraph\"><strong>Clase 3: Ensue\u00f1o colonial: la oligarqu\u00eda al poder<\/strong><\/p>\n\n\n\n<p class=\"has-medium-font-size wp-block-paragraph\">Juan Moreira (Leonardo Favio, 1973), Sarmiento: un acto inolvidable (Jos\u00e9 de la Colina, 2010), Contra Paraguay (Federico Sosa, 2014)<\/p>\n\n\n\n<p class=\"has-medium-font-size wp-block-paragraph\"><strong>Clase 4: Conformar un Estado: organizaci\u00f3n y genocidio<\/strong><br><\/p>\n\n\n\n<p class=\"has-medium-font-size wp-block-paragraph\">Tierra adentro (Ulises de la Orden, 2011), Awka Liwen (Rebelde amanecer) (Mariano Aiello, Kristina Hille, 2010), Damiana Kryygi (Alejandro Fern\u00e1ndez Mouj\u00e1n, 2015)<\/p>\n\n\n\n<p class=\"has-medium-font-size wp-block-paragraph\">Coordinador\/a: Juan Manuel Ciucci<\/p>\n\n\n\n<p class=\"has-medium-font-size wp-block-paragraph\">Docente: Juan Manuel Ciucci, docente universitario (UNPAZ, UNMa), gestor cultural y periodista. Ha publicado art\u00edculos en revistas acad\u00e9micas y coordinado la edici\u00f3n de suplementos culturales en publicaciones peri\u00f3dicas. Ha dirigido la revista Tierra en Trance y editado libros compilatorios sobre cine latinoamericano.<\/p>\n\n\n\n<p class=\"has-medium-font-size wp-block-paragraph\"><strong>Para inscribirse&nbsp;<a href=\"https:\/\/docs.google.com\/forms\/d\/e\/1FAIpQLSebb0xj9cIcdh6pbsSgf-QNROgRkcXFViXRCEwhfALq70aqbg\/viewform\">ingresar a este enlace<\/a><\/strong><\/p>\n\n\n\n<figure class=\"wp-block-image size-large\"><img loading=\"lazy\" decoding=\"async\" width=\"819\" height=\"1024\" src=\"https:\/\/universidadmadres.ar\/wp-content\/uploads\/2026\/09\/cine-historia-I-819x1024.jpeg\" alt=\"\" class=\"wp-image-4655\" srcset=\"https:\/\/universidadmadres.ar\/wp-content\/uploads\/2026\/09\/cine-historia-I-819x1024.jpeg 819w, https:\/\/universidadmadres.ar\/wp-content\/uploads\/2026\/09\/cine-historia-I-240x300.jpeg 240w, https:\/\/universidadmadres.ar\/wp-content\/uploads\/2026\/09\/cine-historia-I-768x960.jpeg 768w, https:\/\/universidadmadres.ar\/wp-content\/uploads\/2026\/09\/cine-historia-I.jpeg 1080w\" sizes=\"auto, (max-width: 819px) 100vw, 819px\" \/><\/figure>\n","protected":false},"excerpt":{"rendered":"<p>Cronograma:Inicio: martes 15 de septiembreHora: 20 hsModalidad: Virtual \u2013 4 encuentrosFinaliza: martes 6 de octubre Para inscribirse\u00a0ingresar a este enlace Breve introducci\u00f3n: Nos proponemos indagar a partir del cine nacional en la construcci\u00f3n de la Argentina, tanto desde su g\u00e9nesis como Naci\u00f3n Soberana hasta su&#8230;<\/p>\n","protected":false},"author":2,"featured_media":4655,"parent":0,"menu_order":0,"comment_status":"closed","ping_status":"closed","template":"","meta":{"footnotes":""},"class_list":["post-4654","page","type-page","status-publish","has-post-thumbnail","hentry"],"_links":{"self":[{"href":"https:\/\/universidadmadres.ar\/index.php?rest_route=\/wp\/v2\/pages\/4654","targetHints":{"allow":["GET"]}}],"collection":[{"href":"https:\/\/universidadmadres.ar\/index.php?rest_route=\/wp\/v2\/pages"}],"about":[{"href":"https:\/\/universidadmadres.ar\/index.php?rest_route=\/wp\/v2\/types\/page"}],"author":[{"embeddable":true,"href":"https:\/\/universidadmadres.ar\/index.php?rest_route=\/wp\/v2\/users\/2"}],"replies":[{"embeddable":true,"href":"https:\/\/universidadmadres.ar\/index.php?rest_route=%2Fwp%2Fv2%2Fcomments&post=4654"}],"version-history":[{"count":3,"href":"https:\/\/universidadmadres.ar\/index.php?rest_route=\/wp\/v2\/pages\/4654\/revisions"}],"predecessor-version":[{"id":4666,"href":"https:\/\/universidadmadres.ar\/index.php?rest_route=\/wp\/v2\/pages\/4654\/revisions\/4666"}],"wp:featuredmedia":[{"embeddable":true,"href":"https:\/\/universidadmadres.ar\/index.php?rest_route=\/wp\/v2\/media\/4655"}],"wp:attachment":[{"href":"https:\/\/universidadmadres.ar\/index.php?rest_route=%2Fwp%2Fv2%2Fmedia&parent=4654"}],"curies":[{"name":"wp","href":"https:\/\/api.w.org\/{rel}","templated":true}]}}

Cine e Historia I: la construcción de la Argentina

<p class="has-medium-font-size wp-block-paragraph">Cronograma:<br>Inicio: martes 15 de septiembre<br>Hora: 20 hs<br>Modalidad: Virtual – 4 encuentros<br>Finaliza: martes 6 de octubre</p>



<p class="has-medium-font-size wp-block-paragraph"><strong>Para inscribirse <a href="https://docs.google.com/forms/d/e/1FAIpQLSebb0xj9cIcdh6pbsSgf-QNROgRkcXFViXRCEwhfALq70aqbg/viewform">ingresar a este enlace</a></strong></p>



<p class="has-medium-font-size wp-block-paragraph">Breve introducción:</p>



<p class="has-medium-font-size wp-block-paragraph">Nos proponemos indagar a partir del cine nacional en la construcción de la Argentina, tanto desde su génesis como Nación Soberana hasta su constitución como Estado Moderno. Una búsqueda por los pasajes centrales de un recorrido que se ha consolidado de un modo mítico, en tanto “historia oficial”, pero que ofrece múltiples perspectivas que nos permiten reinterpretar el modo en que se ha construido nuestro ser nacional. Será por lo tanto una propuesta de lectura de la Argentina del Siglo XIX con todas sus herencias aún vigentes, fundamentales para comprender el presente de nuestro país.</p>



<p class="has-medium-font-size wp-block-paragraph"><strong>Clase 1: Oíd mortales: una nación que comienza</strong></p>



<p class="has-medium-font-size wp-block-paragraph">Moreno (Ardito-Molina, 2013), La guerra gaucha (Lucas Demare, 1942), Revolución, el cruce de los Andes (Leandro Ipiña, 2010).</p>



<p class="has-medium-font-size wp-block-paragraph"><strong>Clase 2: Unitarios o federales: un dilema nacional</strong></p>



<p class="has-medium-font-size wp-block-paragraph">Juan Manuel de Rosas (Manuel Antin, 1972), Yo maté a Facundo (Hugo del Carril, 1975), Camila (María Luisa Bemberg, 1984)</p>



<p class="has-medium-font-size wp-block-paragraph"><strong>Clase 3: Ensueño colonial: la oligarquía al poder</strong></p>



<p class="has-medium-font-size wp-block-paragraph">Juan Moreira (Leonardo Favio, 1973), Sarmiento: un acto inolvidable (José de la Colina, 2010), Contra Paraguay (Federico Sosa, 2014)</p>



<p class="has-medium-font-size wp-block-paragraph"><strong>Clase 4: Conformar un Estado: organización y genocidio</strong><br></p>



<p class="has-medium-font-size wp-block-paragraph">Tierra adentro (Ulises de la Orden, 2011), Awka Liwen (Rebelde amanecer) (Mariano Aiello, Kristina Hille, 2010), Damiana Kryygi (Alejandro Fernández Mouján, 2015)</p>



<p class="has-medium-font-size wp-block-paragraph">Coordinador/a: Juan Manuel Ciucci</p>



<p class="has-medium-font-size wp-block-paragraph">Docente: Juan Manuel Ciucci, docente universitario (UNPAZ, UNMa), gestor cultural y periodista. Ha publicado artículos en revistas académicas y coordinado la edición de suplementos culturales en publicaciones periódicas. Ha dirigido la revista Tierra en Trance y editado libros compilatorios sobre cine latinoamericano.</p>



<p class="has-medium-font-size wp-block-paragraph"><strong>Para inscribirse&nbsp;<a href="https://docs.google.com/forms/d/e/1FAIpQLSebb0xj9cIcdh6pbsSgf-QNROgRkcXFViXRCEwhfALq70aqbg/viewform">ingresar a este enlace</a></strong></p>



<figure class="wp-block-image size-large"><img loading="lazy" decoding="async" width="819" height="1024" src="https://universidadmadres.ar/wp-content/uploads/2026/09/cine-historia-I-819x1024.jpeg" alt="" class="wp-image-4655" srcset="https://universidadmadres.ar/wp-content/uploads/2026/09/cine-historia-I-819x1024.jpeg 819w, https://universidadmadres.ar/wp-content/uploads/2026/09/cine-historia-I-240x300.jpeg 240w, https://universidadmadres.ar/wp-content/uploads/2026/09/cine-historia-I-768x960.jpeg 768w, https://universidadmadres.ar/wp-content/uploads/2026/09/cine-historia-I.jpeg 1080w" sizes="auto, (max-width: 819px) 100vw, 819px" /></figure>

<p>Cronograma:Inicio: martes 15 de septiembreHora: 20 hsModalidad: Virtual – 4 encuentrosFinaliza: martes 6 de octubre Para inscribirse ingresar a este enlace Breve introducción: Nos proponemos indagar a partir del cine nacional en la construcción de la Argentina, tanto desde su génesis como Nación Soberana hasta su&#8230;</p>
