{"id":4290,"date":"2026-03-04T11:34:18","date_gmt":"2026-03-04T11:34:18","guid":{"rendered":"https:\/\/universidadmadres.ar\/?page_id=4290"},"modified":"2026-03-31T00:40:00","modified_gmt":"2026-03-31T00:40:00","slug":"seminario-construccion-colectiva-de-una-guitarra-clasica","status":"publish","type":"page","link":"https:\/\/universidadmadres.ar\/?page_id=4290","title":{"rendered":"Seminario: \u201cConstrucci\u00f3n colectiva de una guitarra cl\u00e1sica\u201d"},"content":{"rendered":"\n<figure class=\"wp-block-image size-large\"><img loading=\"lazy\" decoding=\"async\" width=\"1024\" height=\"1024\" src=\"https:\/\/universidadmadres.ar\/wp-content\/uploads\/2026\/03\/Lutheria--1024x1024.png\" alt=\"\" class=\"wp-image-4291\" srcset=\"https:\/\/universidadmadres.ar\/wp-content\/uploads\/2026\/03\/Lutheria--1024x1024.png 1024w, https:\/\/universidadmadres.ar\/wp-content\/uploads\/2026\/03\/Lutheria--300x300.png 300w, https:\/\/universidadmadres.ar\/wp-content\/uploads\/2026\/03\/Lutheria--150x150.png 150w, https:\/\/universidadmadres.ar\/wp-content\/uploads\/2026\/03\/Lutheria--768x768.png 768w, https:\/\/universidadmadres.ar\/wp-content\/uploads\/2026\/03\/Lutheria--550x550.png 550w, https:\/\/universidadmadres.ar\/wp-content\/uploads\/2026\/03\/Lutheria-.png 1080w\" sizes=\"auto, (max-width: 1024px) 100vw, 1024px\" \/><\/figure>\n\n\n\n<ul class=\"wp-block-list has-medium-font-size\">\n<li>Docente: Silvia Spina*<\/li>\n\n\n\n<li>Duraci\u00f3n: 36 semanas (8 meses y medio)<\/li>\n\n\n\n<li>Carga horaria: 102 horas.&nbsp;<\/li>\n\n\n\n<li>Modalidad de cursada: presencial. Una vez por semana (martes), tres horas.&nbsp;<\/li>\n\n\n\n<li>Fecha de inicio: martes 14 de abril de 2026, finaliza 15 de diciembre (dos semanas de receso en el mes de julio)<\/li>\n\n\n\n<li>Horario: 17 a 20 horas<\/li>\n<\/ul>\n\n\n\n<p class=\"has-medium-font-size\"><strong>Inscripci\u00f3n: <a href=\"https:\/\/docs.google.com\/forms\/d\/e\/1FAIpQLSebb0xj9cIcdh6pbsSgf-QNROgRkcXFViXRCEwhfALq70aqbg\/viewform\" data-type=\"link\" data-id=\"https:\/\/docs.google.com\/forms\/d\/1PIAW0mQhBHgbhGtRyQt7dxqqkfz_FDwo8zZ92p4wuTw\/edit\">Ingresar aqu\u00ed <\/a><\/strong><\/p>\n\n\n\n<p class=\"has-medium-font-size\">\ud83d\udcdaBecas para Seminarios y Cursos<br>Teniendo en cuenta la situaci\u00f3n econ\u00f3mica que est\u00e1 atravesando el Pueblo argentino a partir de las pol\u00edticas neoliberales impulsadas por el gobierno, las Madres de Plaza de Mayo han decidido ofrecer becas del 100% a quienes as\u00ed lo necesiten.<br>\u27a1\ufe0f Sin embargo, para poder seguir sosteniendo la Casa de las Madres, pod\u00e9s realizar un aporte solidario.<\/p>\n\n\n\n<p class=\"has-medium-font-size\"><strong>Fundamentaci\u00f3n<\/strong><\/p>\n\n\n\n<p class=\"has-medium-font-size\">\u201cConstrucci\u00f3n colectiva de una guitarra cl\u00e1sica\u201d consiste en el desarrollo de un taller anual pr\u00e1ctico en el que se ense\u00f1ar\u00e1 a construir una guitarra cl\u00e1sica, al tiempo en que se ir\u00e1 transmitiendo la teor\u00eda en forma pausada y simult\u00e1nea.&nbsp;El m\u00e9todo de ense\u00f1anza se apoya en el trabajo colectivo y participativo y requiere de&nbsp; paciencia y compromiso de parte de los estudiantes asistentes para hacer posible,&nbsp; dentro de ese tiempo, la finalizaci\u00f3n del trabajo. Est\u00e1 destinado a j\u00f3venes que quieran acercarse a conocer y\/o aprender el oficio de la luther\u00eda; estudiantes de m\u00fasica, m\u00fasicas\/os,&nbsp; m\u00fasicoterapeutas y quienes valoren y quieran aprender a construir un instrumento en equipo.<\/p>\n\n\n\n<p class=\"has-medium-font-size\"><strong>Justificaci\u00f3n<\/strong><\/p>\n\n\n\n<p class=\"has-medium-font-size\">La&nbsp; creaci\u00f3n de este seminario se apoya en la observaci\u00f3n&nbsp; de la situaci\u00f3n sociocultural&nbsp; general, en la que resulta muy dif\u00edcil y hasta inaccesible para muchos\/as j\u00f3venes el aprendizaje del&nbsp; arte-oficio de la luther\u00eda.&nbsp;Los\/as j\u00f3venes sufren muchos abandonos de parte de las pol\u00edticas de estado que no generan espacios para poder estudiar y hacer posibles sus sue\u00f1os de aprender. Normalmente, existen pocos espacios de f\u00e1cil acceso&nbsp; para la ense\u00f1anza sistem\u00e1tica de la&nbsp; luther\u00eda;&nbsp; esto se agrava y profundiza&nbsp; en la actualidad porque&nbsp; las pol\u00edticas de Estado est\u00e1n cerrando escuelas de formaci\u00f3n profesional de artes y oficios. <\/p>\n\n\n\n<p class=\"has-medium-font-size\">Abrir un taller en el que se pueda implementar el aprender y el ense\u00f1ar como forma de resistencia a esa realidad propone una manera de acercar a los\/as j\u00f3venes la ense\u00f1anza de este hermoso arte-oficio y colaborar en la creaci\u00f3n de un espacio de aprendizaje y construcci\u00f3n colectivos como so\u00f1aron Hebe de Bonafini y las Madres cuando crearon esta amada Universidad Popular Madres de Plaza de Mayo. El arte-oficio de la luther\u00eda crea y construye instrumentos: herramientas para quienes mantienen viva, crean e interpretan la m\u00fasica que nos re\u00fane en momentos de comuni\u00f3n alegre y nos sostiene en otros dif\u00edciles. Dijo nuestra querida Hebe&nbsp; <em>\u201cEl sue\u00f1o de nuestros hijos era transformar la realidad de un pa\u00eds hecho pedazos. Nuestro sue\u00f1o es transformar esto que nos toca vivir ahora\u201d<\/em>&nbsp;&nbsp;<\/p>\n\n\n\n<p class=\"has-medium-font-size\"><strong>Objetivos generales<\/strong><\/p>\n\n\n\n<ul class=\"wp-block-list\">\n<li class=\"has-medium-font-size\">Brindar los conocimientos necesarios para la construcci\u00f3n de un instrumento musical de cuerdas pulsadas (guitarra cl\u00e1sica)&nbsp;<\/li>\n\n\n\n<li class=\"has-medium-font-size\">Ense\u00f1ar a utilizar herramientas: cuidados y seguridad en su uso.&nbsp;<\/li>\n\n\n\n<li class=\"has-medium-font-size\">Promover la construcci\u00f3n de herramientas para el taller.<\/li>\n\n\n\n<li class=\"has-medium-font-size\">Diferenciar los conceptos de reutilizaci\u00f3n y de reciclado de materiales.<\/li>\n\n\n\n<li class=\"has-medium-font-size\">Propiciar&nbsp; el trabajo colectivo y participativo.&nbsp;<\/li>\n<\/ul>\n\n\n\n<p class=\"has-medium-font-size\"><strong>Objetivos espec\u00edficos<\/strong><\/p>\n\n\n\n<ul class=\"wp-block-list\">\n<li class=\"has-medium-font-size\">Hacer accesible el aprendizaje y la ense\u00f1anza del oficio de la luther\u00eda.<\/li>\n\n\n\n<li class=\"has-medium-font-size\">Construir una guitarra cl\u00e1sica en forma colectiva.&nbsp;&nbsp;&nbsp;&nbsp;&nbsp;&nbsp;&nbsp;&nbsp;&nbsp;&nbsp;&nbsp;&nbsp;&nbsp;&nbsp;&nbsp;&nbsp;&nbsp;&nbsp;&nbsp;&nbsp;&nbsp;&nbsp;&nbsp;&nbsp;&nbsp;&nbsp;&nbsp;&nbsp;&nbsp;&nbsp;&nbsp;&nbsp;&nbsp;&nbsp;&nbsp;&nbsp;&nbsp;&nbsp;&nbsp;&nbsp;&nbsp;&nbsp;&nbsp;&nbsp;&nbsp;&nbsp;&nbsp;&nbsp;&nbsp;&nbsp;&nbsp;&nbsp;&nbsp;&nbsp;&nbsp;&nbsp;&nbsp;&nbsp;&nbsp;&nbsp;&nbsp;&nbsp;&nbsp;&nbsp;&nbsp;&nbsp;&nbsp;&nbsp;<\/li>\n\n\n\n<li class=\"has-medium-font-size\">Aprender a: <\/li>\n<\/ul>\n\n\n\n<p class=\"has-medium-font-size\">Interpretar y dibujar planos \/ Diferenciar calidades y cualidades de las maderas \/ El uso correcto de&nbsp; las herramientas \/  Construir herramientas espec\u00edficas para un taller de luther\u00eda \/ Serruchar, lijar, cortar, calar, cepillar \/ Domado de aros \/ Manejo de prensas \/ Encoladuras con colas calientes, extra vinilo de carpinter\u00eda, resina alif\u00e1tica, cianocrilato. Sellar, lustrar (goma laca) \/ Planificar tareas y estrategias entre todos los miembros del taller \/ Resolver imprevistos y normas de cuidado, seguridad e higiene en el trabajo de taller<\/p>\n\n\n\n<ul class=\"wp-block-list\">\n<li class=\"has-medium-font-size\">Propiciar el amor al oficio en forma colectiva y la posibilidad de planificar un pr\u00f3ximo taller anual en 2027 con el cual sentar las bases para un taller de luther\u00eda estable en Madres.&nbsp;<\/li>\n<\/ul>\n\n\n\n<p class=\"has-medium-font-size\"><strong>Contenidos y cronograma<\/strong><\/p>\n\n\n\n<p class=\"has-medium-font-size\"><strong>M\u00f3dulo 1<\/strong>: Introducci\u00f3n a la luther\u00eda.&nbsp;Interpretaci\u00f3n de planos.<\/p>\n\n\n\n<p class=\"has-medium-font-size\"><strong>M\u00f3dulo 2<\/strong>: Herramientas, uso y cuidados. La importancia de medir; trabajar con precisi\u00f3n y correcci\u00f3n.<\/p>\n\n\n\n<p class=\"has-medium-font-size\"><strong>M\u00f3dulo 3<\/strong>: Maderas &#8211; Encoladuras &#8211; Lustres. Ensamblado.<\/p>\n\n\n\n<p class=\"has-medium-font-size\"><strong>M\u00f3dulo 4<\/strong>: Planificaci\u00f3n de tareas en un taller.&nbsp;0Insumos: costos, almacenamiento.&nbsp;<\/p>\n\n\n\n<p><strong>Bibliograf\u00eda<\/strong><\/p>\n\n\n\n<ul class=\"wp-block-list\">\n<li>M\u00e9todo de construcci\u00f3n\/ Instrumentos ac\u00fasticos. Ariel Amarillo. Edici\u00f3n del autor.<\/li>\n\n\n\n<li>La guitarra m\u00e1gica\/ Manual argentino de la guitarra (2009) Ricardo E. L. Louzao (y colaboradores). Edici\u00f3n del autor. Buenos Aires.<\/li>\n\n\n\n<li>The Spanish Guitar. Autores varios. Edici\u00f3n de Metropolitan museun of Art, 1991, 1992.<\/li>\n\n\n\n<li>Manual del luthier (2000). Ramon Pinto Comas. Edici\u00f3n del autor. Barcelona.<\/li>\n\n\n\n<li>Lustrado de maderas (2006). Jacques Rival. Editorial Cosmopolita. Buenos Aires.<\/li>\n\n\n\n<li><a href=\"https:\/\/www.joseperezdearcea.cl\/instrumentos-sonoros%20%20\/\">https:\/\/www.joseperezdearcea.cl\/instrumentos-sonoros&nbsp; \/<\/a>&nbsp;&nbsp;&nbsp;&nbsp;<\/li>\n\n\n\n<li><a href=\"https:\/\/www.joseperezdearcea.cl\/_files\/ugd\/163345_3cf4cfe7bac748559040d4889c6991a5.pdf\">https:\/\/www.joseperezdearcea.cl\/_files\/ugd\/163345_3cf4cfe7bac748559040d4889c6991a5.pdf<\/a>&nbsp; (Cord\u00f3fono compuesto: guitarras)<\/li>\n<\/ul>\n\n\n\n<p><strong>Filmograf\u00eda<\/strong><\/p>\n\n\n\n<ul class=\"wp-block-list\">\n<li>Ser luthier \/Manos Argentinas (2018). Documental, direcci\u00f3n de Victoria Ferrari y Roc\u00edo Gauna.&nbsp;<\/li>\n<\/ul>\n\n\n\n<p class=\"has-medium-font-size\">*Silvia Spina, docente<\/p>\n\n\n\n<p class=\"has-medium-font-size\">Es luthier de instrumentos de cuerdas pulsadas. Propiciadora de la creaci\u00f3n de Talleres de Luther\u00eda de ense\u00f1anza y producci\u00f3n&nbsp; cooperativa para j\u00f3venes en barrios. Co-fundadora de El pentacordio, cooperativa de luthiers dedicada a la construcci\u00f3n y reparaci\u00f3n de instrumentos y de&nbsp; los Talleres M\u00f3viles de Luther\u00eda portadores del oficio a comunidades, centros educativos, municipios para acercar y\/o llevar los conocimientos del oficio de la luther\u00eda y colaborar con la inclusi\u00f3n social a trav\u00e9s de los instrumentos, su reparaci\u00f3n y la m\u00fasica.&nbsp;<\/p>\n\n\n\n<p class=\"has-medium-font-size\">Particip\u00f3 como docente de los talleres organizados por CUICA -Centro Universitario de las&nbsp; Industrias Culturales y la AALuthiers en la Universidad Nacional de Avellaneda- Sede Pi\u00f1eyro y en la Casa Central de la Cultura Popular de Villa 21-24 Barracas, por iniciativa del Ministerio de Cultura, Ministerio de Trabajo, Empleo y Seguridad Social y la AALuthiers.&nbsp; Creadora de \u201cLa Maciel\u201d taller de luther\u00eda para adolescentes en Fundaci\u00f3n Isla Maciel y madrina de \u201cDapasi\u00f3n\u201d taller de luther\u00eda de un grupo de j\u00f3venes en barrio Zabaleta, Ciudad de Buenos Aires. Expone sus instrumentos y proyectos&nbsp; desde hace a\u00f1os en las Exposiciones anuales de la Asociaci\u00f3n Argentina de Luthiers, de la que es socia vitalicia.&nbsp;<\/p>\n\n\n\n<p class=\"has-medium-font-size\">Es integrante de la Red Luther\u00edstica: grupo de luthierxs de g\u00e9neros y especialidades diversxs. Actualmente trabaja en el proyecto de una guitarra con materiales econ\u00f3micos (no de reciclado ni de re-utilizaci\u00f3n) con el fin de obtener un instrumento de buena calidad, sonoridad y accesible. Es docente de artes pl\u00e1sticas: dibujo, pintura, t\u00e9cnicas mixtas de modo independiente.&nbsp;Es escen\u00f3grafa y dise\u00f1adora de vestuario teatral con una carrera de m\u00e1s de cuarenta a\u00f1os en espect\u00e1culos de producci\u00f3n cooperativa. Ha participado como autora, directora, puestista, productora, realizadora en m\u00faltiples espect\u00e1culos.&nbsp;Es socia&nbsp; de la Asociaci\u00f3n Argentina de Actores y Actrices. Contacto: <a href=\"mailto:paraelaplausofinal@yahoo.com.ar\">paraelaplausofinal@yahoo.com.ar<\/a><\/p>\n","protected":false},"excerpt":{"rendered":"<p>Inscripci\u00f3n: Ingresar aqu\u00ed \ud83d\udcdaBecas para Seminarios y CursosTeniendo en cuenta la situaci\u00f3n econ\u00f3mica que est\u00e1 atravesando el Pueblo argentino a partir de las pol\u00edticas neoliberales impulsadas por el gobierno, las Madres de Plaza de Mayo han decidido ofrecer becas del 100% a quienes as\u00ed lo&#8230;<\/p>\n","protected":false},"author":2,"featured_media":4291,"parent":0,"menu_order":0,"comment_status":"closed","ping_status":"closed","template":"","meta":{"footnotes":""},"class_list":["post-4290","page","type-page","status-publish","has-post-thumbnail","hentry"],"_links":{"self":[{"href":"https:\/\/universidadmadres.ar\/index.php?rest_route=\/wp\/v2\/pages\/4290","targetHints":{"allow":["GET"]}}],"collection":[{"href":"https:\/\/universidadmadres.ar\/index.php?rest_route=\/wp\/v2\/pages"}],"about":[{"href":"https:\/\/universidadmadres.ar\/index.php?rest_route=\/wp\/v2\/types\/page"}],"author":[{"embeddable":true,"href":"https:\/\/universidadmadres.ar\/index.php?rest_route=\/wp\/v2\/users\/2"}],"replies":[{"embeddable":true,"href":"https:\/\/universidadmadres.ar\/index.php?rest_route=%2Fwp%2Fv2%2Fcomments&post=4290"}],"version-history":[{"count":4,"href":"https:\/\/universidadmadres.ar\/index.php?rest_route=\/wp\/v2\/pages\/4290\/revisions"}],"predecessor-version":[{"id":4371,"href":"https:\/\/universidadmadres.ar\/index.php?rest_route=\/wp\/v2\/pages\/4290\/revisions\/4371"}],"wp:featuredmedia":[{"embeddable":true,"href":"https:\/\/universidadmadres.ar\/index.php?rest_route=\/wp\/v2\/media\/4291"}],"wp:attachment":[{"href":"https:\/\/universidadmadres.ar\/index.php?rest_route=%2Fwp%2Fv2%2Fmedia&parent=4290"}],"curies":[{"name":"wp","href":"https:\/\/api.w.org\/{rel}","templated":true}]}}