{"id":4277,"date":"2026-03-04T11:09:32","date_gmt":"2026-03-04T11:09:32","guid":{"rendered":"https:\/\/universidadmadres.ar\/?page_id=4277"},"modified":"2026-03-31T00:37:57","modified_gmt":"2026-03-31T00:37:57","slug":"seminario-teoria-y-praxis-del-video-politico-callejero","status":"publish","type":"page","link":"https:\/\/universidadmadres.ar\/?page_id=4277","title":{"rendered":"Seminario: \u201cTeor\u00eda y praxis del video pol\u00edtico callejero\u201c"},"content":{"rendered":"\n<figure class=\"wp-block-image size-large\"><img loading=\"lazy\" decoding=\"async\" width=\"1024\" height=\"1024\" src=\"https:\/\/universidadmadres.ar\/wp-content\/uploads\/2026\/03\/Seminario-videopolitico-1024x1024.png\" alt=\"\" class=\"wp-image-4278\" srcset=\"https:\/\/universidadmadres.ar\/wp-content\/uploads\/2026\/03\/Seminario-videopolitico-1024x1024.png 1024w, https:\/\/universidadmadres.ar\/wp-content\/uploads\/2026\/03\/Seminario-videopolitico-300x300.png 300w, https:\/\/universidadmadres.ar\/wp-content\/uploads\/2026\/03\/Seminario-videopolitico-150x150.png 150w, https:\/\/universidadmadres.ar\/wp-content\/uploads\/2026\/03\/Seminario-videopolitico-768x768.png 768w, https:\/\/universidadmadres.ar\/wp-content\/uploads\/2026\/03\/Seminario-videopolitico-550x550.png 550w, https:\/\/universidadmadres.ar\/wp-content\/uploads\/2026\/03\/Seminario-videopolitico.png 1080w\" sizes=\"auto, (max-width: 1024px) 100vw, 1024px\" \/><\/figure>\n\n\n\n<ul class=\"wp-block-list has-medium-font-size\">\n<li>Docente: Mario Bravo Gallardo*<\/li>\n\n\n\n<li>Duraci\u00f3n: 3 meses (abril\/ mayo\/ junio 2026)<\/li>\n\n\n\n<li>Carga horaria: 24 horas&nbsp;<\/li>\n\n\n\n<li>Modalidad de cursada: presencial, 4 encuentros mensuales de 2 horas cada uno<\/li>\n\n\n\n<li>Fecha de inicio: lunes 13 de abril\u00a0<\/li>\n\n\n\n<li>Horario: de 18:30 a 20:30 horas<\/li>\n<\/ul>\n\n\n\n<p class=\"has-medium-font-size\"><strong>Inscripci\u00f3n: <a href=\"https:\/\/docs.google.com\/forms\/d\/e\/1FAIpQLSebb0xj9cIcdh6pbsSgf-QNROgRkcXFViXRCEwhfALq70aqbg\/viewform\" data-type=\"link\" data-id=\"https:\/\/docs.google.com\/forms\/d\/1PIAW0mQhBHgbhGtRyQt7dxqqkfz_FDwo8zZ92p4wuTw\/edit\">Ingresar aqu\u00ed <\/a><\/strong><\/p>\n\n\n\n<p class=\"has-medium-font-size\">\ud83d\udcdaBecas para Seminarios y Cursos<br>Teniendo en cuenta la situaci\u00f3n econ\u00f3mica que est\u00e1 atravesando el Pueblo argentino a partir de las pol\u00edticas neoliberales impulsadas por el gobierno, las Madres de Plaza de Mayo han decidido ofrecer becas del 100% a quienes as\u00ed lo necesiten.<br>\u27a1\ufe0f Sin embargo, para poder seguir sosteniendo la Casa de las Madres, pod\u00e9s realizar un aporte solidario.<\/p>\n\n\n\n<p class=\"has-medium-font-size\"><strong>Fundamentaci\u00f3n<\/strong><br>Quien desee acercarse a la cobertura audiovisual de manifestaciones sociales, marchas o hechos pol\u00edticos debe comprender que se trata de un arte que permite por su propia teor\u00eda y t\u00e9cnica, la comunicaci\u00f3n no s\u00f3lo de una idea y una intenci\u00f3n, sino tambi\u00e9n de un punto de vista. En \u00e9poca de la batalla cultural no es neutra. Nos acercamos al mundo \u201creal\u201d para observar(lo), elegir una fracci\u00f3n y construir desde ah\u00ed una narraci\u00f3n, un relato informativo y un archivo para la Memoria. Transitar de un simple registro a una pieza audiovisual, depende del conocimiento de significantes concretos para narrar, comunicar y contraatacar a los medios hegem\u00f3nicos. Estos, provienen de una amalgama que integra Antropolog\u00eda, Cine documental, lenguaje audiovisual y teor\u00eda y pr\u00e1ctica pol\u00edtica.<\/p>\n\n\n\n<p class=\"has-medium-font-size\"><strong>Objetivo<\/strong><br>Buscamos que al final del seminario los\/as asistentes no s\u00f3lo adquieran conocimientos t\u00e9cnicos y herramientas pr\u00e1cticas sobre la cobertura audiovisual de hechos pol\u00edticos, sino que adem\u00e1s, se puedan responder preguntas contempor\u00e1neas sobre la responsabilidad \u00e9tica, est\u00e9tica y pol\u00edtica de ser comunicador\/a en estas coyunturas donde las relaciones de poder requieran posicionarse activamente contra el monopolio de la fuerza.<\/p>\n\n\n\n<p class=\"has-medium-font-size\"><strong>Metodolog\u00eda<\/strong><br>La metodolog\u00eda base de este seminario es lo que en la pedagog\u00eda freireana se conoce como ense\u00f1aje, es decir, el acto educativo ser\u00e1 dial\u00f3gico y rec\u00edproco.<br>Las clases ser\u00e1n llevadas a cabo a trav\u00e9s de lecturas de bibliograf\u00edas, visionado de material audiovisual, debates con colectivos de realizaci\u00f3n audiovisual y debates grupales a base del siguiente dec\u00e1logo:<br>1 La c\u00e1mara es una extensi\u00f3n sociocultural de quien registra.<br>2 La pieza audiovisual no se graba, se revela.<br>3 El material grabado propone, no se fuerza lo narrativo.<br>4 El video pol\u00edtico como constructor de la Historia.<br>5 Qui\u00e9n pone el cuerpo individual, activa la Memoria Colectiva.<br>6 La c\u00e1mara traduce el acto social como hecho pol\u00edtico.<br>7 La realidad es un palimpsesto de \u00e1tomos dram\u00e1ticos con sentido propio.<br>8 En el acto de registro se es en colectivo, nunca en individuo.<br>9 La c\u00e1mara no es testigo, es usina de archivos para la Memoria.<br>10 La yuta observa. El fuera de campo comunica.<\/p>\n\n\n\n<p class=\"has-medium-font-size\"><strong>Contenidos<\/strong><br>M\u00f3dulo 1: Antes del REC, lo sociocultural.<\/p>\n\n\n\n<p class=\"has-medium-font-size\">M\u00f3dulo 2: Cine documental, antropolog\u00eda y videopol\u00edtico.<\/p>\n\n\n\n<p class=\"has-medium-font-size\">M\u00f3dulo 3: Componentes de la pieza audiovisual.<\/p>\n\n\n\n<p class=\"has-medium-font-size\">M\u00f3dulo 4: Narrativa, montaje y memoria colectiva.<\/p>\n\n\n\n<p class=\"has-medium-font-size\">M\u00f3dulo 5: La represi\u00f3n observa. El fuera de campo comunica.<\/p>\n\n\n\n<p class=\"has-medium-font-size\">M\u00f3dulo 6: Verticalidad, difusi\u00f3n y Redes Sociales.<\/p>\n\n\n\n<p class=\"has-medium-font-size\">Mario Bravo Gallardo, docente<br>Antrop\u00f3logo de profesi\u00f3n (U. Austral de Chile), documentalista y obrero audiovisual de oficio. Sus asesor\u00edas y docencia se centran en la investigaci\u00f3n sociocultural aplicada al cine documental. Es Licenciado en la Ense\u00f1anza de las Artes Audiovisuales (UNSAM) con diplomado en Desarrollo y Gesti\u00f3n de proyectos en la industria audiovisual (U. Nacional de C\u00f3rdoba). Sus pel\u00edculas han recorrido diversos pa\u00edses y han sido premiadas en festivales nacionales e internacionales, adem\u00e1s, ha dirigido y producido piezas documentales para estamentos p\u00fablicos y privados. Posee una larga trayectoria tanto en la gesti\u00f3n y registro documental del movimiento cooperativo, como en la direcci\u00f3n creativa y realizaci\u00f3n de videopol\u00edtico del movimiento sindical argentino. <a href=\"https:\/\/linktr.ee\/mariobravogallardo\">https:\/\/linktr.ee\/mariobravogallardo<\/a><\/p>\n","protected":false},"excerpt":{"rendered":"<p>Inscripci\u00f3n: Ingresar aqu\u00ed \ud83d\udcdaBecas para Seminarios y CursosTeniendo en cuenta la situaci\u00f3n econ\u00f3mica que est\u00e1 atravesando el Pueblo argentino a partir de las pol\u00edticas neoliberales impulsadas por el gobierno, las Madres de Plaza de Mayo han decidido ofrecer becas del 100% a quienes as\u00ed lo&#8230;<\/p>\n","protected":false},"author":2,"featured_media":4278,"parent":0,"menu_order":0,"comment_status":"closed","ping_status":"closed","template":"","meta":{"footnotes":""},"class_list":["post-4277","page","type-page","status-publish","has-post-thumbnail","hentry"],"_links":{"self":[{"href":"https:\/\/universidadmadres.ar\/index.php?rest_route=\/wp\/v2\/pages\/4277","targetHints":{"allow":["GET"]}}],"collection":[{"href":"https:\/\/universidadmadres.ar\/index.php?rest_route=\/wp\/v2\/pages"}],"about":[{"href":"https:\/\/universidadmadres.ar\/index.php?rest_route=\/wp\/v2\/types\/page"}],"author":[{"embeddable":true,"href":"https:\/\/universidadmadres.ar\/index.php?rest_route=\/wp\/v2\/users\/2"}],"replies":[{"embeddable":true,"href":"https:\/\/universidadmadres.ar\/index.php?rest_route=%2Fwp%2Fv2%2Fcomments&post=4277"}],"version-history":[{"count":3,"href":"https:\/\/universidadmadres.ar\/index.php?rest_route=\/wp\/v2\/pages\/4277\/revisions"}],"predecessor-version":[{"id":4368,"href":"https:\/\/universidadmadres.ar\/index.php?rest_route=\/wp\/v2\/pages\/4277\/revisions\/4368"}],"wp:featuredmedia":[{"embeddable":true,"href":"https:\/\/universidadmadres.ar\/index.php?rest_route=\/wp\/v2\/media\/4278"}],"wp:attachment":[{"href":"https:\/\/universidadmadres.ar\/index.php?rest_route=%2Fwp%2Fv2%2Fmedia&parent=4277"}],"curies":[{"name":"wp","href":"https:\/\/api.w.org\/{rel}","templated":true}]}}