{"id":4261,"date":"2026-03-03T21:14:14","date_gmt":"2026-03-03T21:14:14","guid":{"rendered":"https:\/\/universidadmadres.ar\/?page_id=4261"},"modified":"2026-09-03T01:25:03","modified_gmt":"2026-09-03T01:25:03","slug":"sumate-a-las-propuestas-formativas-de-la-universidad-de-las-madres","status":"publish","type":"page","link":"https:\/\/universidadmadres.ar\/?page_id=4261","title":{"rendered":"Sumate a las Propuestas Formativas de la Universidad de las Madres \u00a0"},"content":{"rendered":"\n<p class=\"has-medium-font-size wp-block-paragraph\">Comienza la inscripci\u00f3n a los Cursos de Formaci\u00f3n y Seminarios de la Universidad Centro de Fromaci\u00f3n Madres de Plaza de Mayo Septiembre &#8211; Octubre 2026. Una propuesta abierta a toda la comunidad y orientada a fortalecer la formaci\u00f3n pol\u00edtica popular y con compromiso social.<\/p>\n\n\n\n<p class=\"has-medium-font-size wp-block-paragraph\">Se trata de cursos gratuitos, becados al 100%, pensados para garantizar el acceso a la formaci\u00f3n como un derecho y una herramienta de lucha. Convocamos a militantes, sindicalistas, estudiantes, compa\u00f1eras y compa\u00f1eros que quieran seguir profundizando su mirada cr\u00edtica, desde una perspectiva latinoamericana, feminista y de derechos humanos.<\/p>\n\n\n\n<p class=\"has-medium-font-size wp-block-paragraph\">\u27a1\ufe0f Sin embargo, para poder seguir sosteniendo la Casa de las Madres, pod\u00e9s realizar un aporte solidario. Alias: CENTROESTUDIOSMADRES<\/p>\n\n\n\n<p class=\"has-medium-font-size wp-block-paragraph\">Impulsada por la hist\u00f3rica lucha de la Asociaci\u00f3n Madres de Plaza de Mayo, la Universidad reafirma su vocaci\u00f3n de construir espacios de formaci\u00f3n integral, pensamiento cr\u00edtico y participaci\u00f3n colectiva.<\/p>\n\n\n\n<p class=\"has-medium-font-size wp-block-paragraph\">\u201cLas Madres queremos que los j\u00f3venes aprendan a darle valor a la vida y a la palabra\u201d expresaron nuestras Madres, retomando el legado de Hebe de Bonafini y su hist\u00f3rica definici\u00f3n: \u201cLa \u00fanica lucha que se pierde es la que se abandona\u201d.<\/p>\n\n\n\n<p class=\"has-medium-font-size wp-block-paragraph\">Cada Seminario y Curso contar\u00e1 con informaci\u00f3n detallada sobre coordinaci\u00f3n, objetivos, contenidos, duraci\u00f3n y modalidad, disponible a trav\u00e9s de los canales oficiales de la Universidad.<\/p>\n\n\n\n<p class=\"has-white-color has-text-color has-link-color wp-elements-1 wp-block-paragraph\">.<\/p>\n\n\n\n<p class=\"has-white-color has-text-color has-link-color has-large-font-size wp-elements-2 wp-block-paragraph\">.<\/p>\n\n\n\n<p class=\"has-medium-font-size wp-block-paragraph\"><strong>Cursos de formaci\u00f3n pol\u00edtica, cultural y de oficios:<\/strong><\/p>\n\n\n\n<p class=\"has-medium-font-size wp-block-paragraph\">\ud83d\udcd6 <a href=\"https:\/\/universidadmadres.ar\/?page_id=4678\">Historia de Madres de Plaza de Mayo<\/a><br>Inicio: martes 15 de septiembre | 18hs<br>Modalidad: presencial<\/p>\n\n\n\n<p class=\"has-medium-font-size wp-block-paragraph\">\ud83c\udfac <a href=\"https:\/\/universidadmadres.ar\/?page_id=4654\">Cine e Historia: La construcci\u00f3n de la Argentina<\/a><br>Inicio: martes 15 de septiembre | 20hs<br>Modalidad: virtual<\/p>\n\n\n\n<p class=\"has-medium-font-size wp-block-paragraph\">\ud83c\udfdb\ufe0f <a href=\"https:\/\/universidadmadres.ar\/?page_id=4651\">Herramientas parlamentarias para cambiar nuestras realidades<\/a><br>Inicio: mi\u00e9rcoles 16 de septiembre | 18hs<br>Modalidad: h\u00edbrida<\/p>\n\n\n\n<p class=\"has-medium-font-size wp-block-paragraph\">\ud83c\udfa8 <a href=\"https:\/\/universidadmadres.ar\/?page_id=4661\">Artivismo: arte, acci\u00f3n y transformaci\u00f3n social<\/a><br>Inicio: viernes 11 de septiembre | 18hs<br>Modalidad: presencial<\/p>\n\n\n\n<p class=\"has-medium-font-size wp-block-paragraph\">\u270a <a href=\"https:\/\/universidadmadres.ar\/?page_id=4675\">Pensar la revoluci\u00f3n<\/a><br>Inicio: martes 15 de septiembre | 20hs<br>Modalidad: virtual<\/p>\n\n\n\n<p class=\"has-medium-font-size wp-block-paragraph\">\ud83c\udfad <a href=\"https:\/\/universidadmadres.ar\/?page_id=4425\">Introducci\u00f3n al Teatro del Oprimido<\/a><br>Inicio: s\u00e1bado 26 de septiembre | 16hs<br>Modalidad: presencial<\/p>\n\n\n\n<p class=\"has-medium-font-size wp-block-paragraph\">\ud83c\udfac <a href=\"https:\/\/universidadmadres.ar\/?page_id=4658\">Cine e Historia: Argentina busca su liberaci\u00f3n<\/a><br>Inicio: martes 20 de octubre | 20hs<br>Modalidad: presencial<\/p>\n\n\n\n<p class=\"has-medium-font-size wp-block-paragraph\">\ud83d\udc69\u200d\u2696\ufe0f <a href=\"https:\/\/universidadmadres.ar\/?page_id=4668\">De los barrios al recinto: participaci\u00f3n pol\u00edtica de las mujeres en Argentina<\/a><br>Inicio: mi\u00e9rcoles 21 de octubre | 18hs<br>Modalidad: h\u00edbrida<\/p>\n\n\n\n<p class=\"has-medium-font-size wp-block-paragraph\">\ud83c\udfb8 <a href=\"https:\/\/universidadmadres.ar\/?page_id=4672\">Taller de Luther\u00eda: armado colectivo de una guitarra<\/a><br>Inicio: martes 15 de septiembre | 17hs<br>Modalidad: presencial<\/p>\n\n\n\n<p class=\"has-medium-font-size wp-block-paragraph\">\ud83e\udde9 <a href=\"https:\/\/universidadmadres.ar\/?page_id=4681\">Taller de Mosaiquismo<\/a><br>Inicio: martes 15 de septiembre | 14hs<br>Modalidad: presencial<\/p>\n\n\n\n<p class=\"has-white-color has-text-color has-link-color wp-elements-3 wp-block-paragraph\">.<\/p>\n\n\n\n<p class=\"has-large-font-size wp-block-paragraph\"><strong>Para inscribirse&nbsp;<a href=\"https:\/\/docs.google.com\/forms\/d\/e\/1FAIpQLSebb0xj9cIcdh6pbsSgf-QNROgRkcXFViXRCEwhfALq70aqbg\/viewform\">ingresar a este enlace<\/a><\/strong><\/p>\n\n\n\n<p class=\"has-medium-font-size wp-block-paragraph\"><\/p>\n\n\n\n<p class=\"has-medium-font-size wp-block-paragraph\"><\/p>\n\n\n\n<p class=\"has-medium-font-size wp-block-paragraph\"><\/p>\n\n\n\n<p class=\"has-medium-font-size wp-block-paragraph\"><\/p>\n\n\n\n<p class=\"has-medium-font-size wp-block-paragraph\"><\/p>\n\n\n\n<p class=\"has-medium-font-size wp-block-paragraph\"><\/p>\n\n\n\n<p class=\"wp-block-paragraph\"><\/p>\n\n\n\n<p class=\"has-white-color has-text-color has-link-color wp-elements-4 wp-block-paragraph\">.<\/p>\n\n\n\n<p class=\"has-black-color has-text-color has-link-color has-medium-font-size wp-elements-5 wp-block-paragraph\"><strong><a href=\"https:\/\/forms.gle\/CBHRpzcywwcJBrh26\" data-type=\"link\" data-id=\"https:\/\/forms.gle\/CBHRpzcywwcJBrh26\">Para inscribirte, clikea en la siguiente imagen para ingresar al enlace donde deber\u00e1s completar los datos que validen tu inscripci\u00f3n: <\/a><\/strong><\/p>\n\n\n\n<figure class=\"wp-block-image size-large is-resized\"><a href=\"https:\/\/docs.google.com\/forms\/d\/e\/1FAIpQLSebb0xj9cIcdh6pbsSgf-QNROgRkcXFViXRCEwhfALq70aqbg\/viewform\"><img loading=\"lazy\" decoding=\"async\" width=\"1024\" height=\"440\" src=\"https:\/\/universidadmadres.ar\/wp-content\/uploads\/2026\/03\/enlace-1024x440.jpg\" alt=\"\" class=\"wp-image-4272\" style=\"aspect-ratio:2.3274608049135286;width:624px;height:auto\" srcset=\"https:\/\/universidadmadres.ar\/wp-content\/uploads\/2026\/03\/enlace-1024x440.jpg 1024w, https:\/\/universidadmadres.ar\/wp-content\/uploads\/2026\/03\/enlace-300x129.jpg 300w, https:\/\/universidadmadres.ar\/wp-content\/uploads\/2026\/03\/enlace-768x330.jpg 768w, https:\/\/universidadmadres.ar\/wp-content\/uploads\/2026\/03\/enlace-1536x660.jpg 1536w, https:\/\/universidadmadres.ar\/wp-content\/uploads\/2026\/03\/enlace.jpg 1848w\" sizes=\"auto, (max-width: 1024px) 100vw, 1024px\" \/><\/a><\/figure>\n\n\n\n<p class=\"has-white-color has-text-color has-link-color wp-elements-6 wp-block-paragraph\">.<\/p>\n\n\n\n<p class=\"has-medium-font-size wp-block-paragraph\"><strong>Para consultas, escribir a: contactounidelasmadres@gmail.com<\/strong><\/p>\n\n\n\n<p class=\"has-white-color has-text-color has-link-color wp-elements-7 wp-block-paragraph\">.<\/p>\n\n\n\n<p class=\"has-large-font-size wp-block-paragraph\">\u00a1La UNMa <strong>NO<\/strong> es la Universidad de las Madres! <\/p>\n\n\n\n<p class=\"has-large-font-size wp-block-paragraph\">\u00a1La \u00fanica Universidad de las Madres es donde est\u00e1n ellas!<\/p>\n\n\n\n<h4 class=\"wp-block-heading\">Hip\u00f3lito Yrigoyen 1584 \/ CABA &#8211; Argentina<\/h4>\n\n\n\n<p class=\"has-white-color has-text-color has-link-color wp-elements-8 wp-block-paragraph\">.<\/p>\n\n\n\n<p class=\"wp-block-paragraph\"><\/p>\n","protected":false},"excerpt":{"rendered":"<p>Comienza la inscripci\u00f3n a los Cursos de Formaci\u00f3n y Seminarios de la Universidad Centro de Fromaci\u00f3n Madres de Plaza de Mayo Septiembre &#8211; Octubre 2026. Una propuesta abierta a toda la comunidad y orientada a fortalecer la formaci\u00f3n pol\u00edtica popular y con compromiso social. Se&#8230;<\/p>\n","protected":false},"author":2,"featured_media":4087,"parent":0,"menu_order":0,"comment_status":"closed","ping_status":"closed","template":"","meta":{"footnotes":""},"class_list":["post-4261","page","type-page","status-publish","has-post-thumbnail","hentry"],"_links":{"self":[{"href":"https:\/\/universidadmadres.ar\/index.php?rest_route=\/wp\/v2\/pages\/4261","targetHints":{"allow":["GET"]}}],"collection":[{"href":"https:\/\/universidadmadres.ar\/index.php?rest_route=\/wp\/v2\/pages"}],"about":[{"href":"https:\/\/universidadmadres.ar\/index.php?rest_route=\/wp\/v2\/types\/page"}],"author":[{"embeddable":true,"href":"https:\/\/universidadmadres.ar\/index.php?rest_route=\/wp\/v2\/users\/2"}],"replies":[{"embeddable":true,"href":"https:\/\/universidadmadres.ar\/index.php?rest_route=%2Fwp%2Fv2%2Fcomments&post=4261"}],"version-history":[{"count":23,"href":"https:\/\/universidadmadres.ar\/index.php?rest_route=\/wp\/v2\/pages\/4261\/revisions"}],"predecessor-version":[{"id":4691,"href":"https:\/\/universidadmadres.ar\/index.php?rest_route=\/wp\/v2\/pages\/4261\/revisions\/4691"}],"wp:featuredmedia":[{"embeddable":true,"href":"https:\/\/universidadmadres.ar\/index.php?rest_route=\/wp\/v2\/media\/4087"}],"wp:attachment":[{"href":"https:\/\/universidadmadres.ar\/index.php?rest_route=%2Fwp%2Fv2%2Fmedia&parent=4261"}],"curies":[{"name":"wp","href":"https:\/\/api.w.org\/{rel}","templated":true}]}}

<p class="has-medium-font-size wp-block-paragraph">Comienza la inscripción a los Cursos de Formación y Seminarios de la Universidad Centro de Fromación Madres de Plaza de Mayo Septiembre &#8211; Octubre 2026. Una propuesta abierta a toda la comunidad y orientada a fortalecer la formación política popular y con compromiso social.</p>



<p class="has-medium-font-size wp-block-paragraph">Se trata de cursos gratuitos, becados al 100%, pensados para garantizar el acceso a la formación como un derecho y una herramienta de lucha. Convocamos a militantes, sindicalistas, estudiantes, compañeras y compañeros que quieran seguir profundizando su mirada crítica, desde una perspectiva latinoamericana, feminista y de derechos humanos.</p>



<p class="has-medium-font-size wp-block-paragraph">➡️ Sin embargo, para poder seguir sosteniendo la Casa de las Madres, podés realizar un aporte solidario. Alias: CENTROESTUDIOSMADRES</p>



<p class="has-medium-font-size wp-block-paragraph">Impulsada por la histórica lucha de la Asociación Madres de Plaza de Mayo, la Universidad reafirma su vocación de construir espacios de formación integral, pensamiento crítico y participación colectiva.</p>



<p class="has-medium-font-size wp-block-paragraph">“Las Madres queremos que los jóvenes aprendan a darle valor a la vida y a la palabra” expresaron nuestras Madres, retomando el legado de Hebe de Bonafini y su histórica definición: “La única lucha que se pierde es la que se abandona”.</p>



<p class="has-medium-font-size wp-block-paragraph">Cada Seminario y Curso contará con información detallada sobre coordinación, objetivos, contenidos, duración y modalidad, disponible a través de los canales oficiales de la Universidad.</p>



<p class="has-white-color has-text-color has-link-color wp-elements-1 wp-block-paragraph">.</p>



<p class="has-white-color has-text-color has-link-color has-large-font-size wp-elements-2 wp-block-paragraph">.</p>



<p class="has-medium-font-size wp-block-paragraph"><strong>Cursos de formación política, cultural y de oficios:</strong></p>



<p class="has-medium-font-size wp-block-paragraph">📖 <a href="https://universidadmadres.ar/?page_id=4678">Historia de Madres de Plaza de Mayo</a><br>Inicio: martes 15 de septiembre | 18hs<br>Modalidad: presencial</p>



<p class="has-medium-font-size wp-block-paragraph">🎬 <a href="https://universidadmadres.ar/?page_id=4654">Cine e Historia: La construcción de la Argentina</a><br>Inicio: martes 15 de septiembre | 20hs<br>Modalidad: virtual</p>



<p class="has-medium-font-size wp-block-paragraph">🏛️ <a href="https://universidadmadres.ar/?page_id=4651">Herramientas parlamentarias para cambiar nuestras realidades</a><br>Inicio: miércoles 16 de septiembre | 18hs<br>Modalidad: híbrida</p>



<p class="has-medium-font-size wp-block-paragraph">🎨 <a href="https://universidadmadres.ar/?page_id=4661">Artivismo: arte, acción y transformación social</a><br>Inicio: viernes 11 de septiembre | 18hs<br>Modalidad: presencial</p>



<p class="has-medium-font-size wp-block-paragraph">✊ <a href="https://universidadmadres.ar/?page_id=4675">Pensar la revolución</a><br>Inicio: martes 15 de septiembre | 20hs<br>Modalidad: virtual</p>



<p class="has-medium-font-size wp-block-paragraph">🎭 <a href="https://universidadmadres.ar/?page_id=4425">Introducción al Teatro del Oprimido</a><br>Inicio: sábado 26 de septiembre | 16hs<br>Modalidad: presencial</p>



<p class="has-medium-font-size wp-block-paragraph">🎬 <a href="https://universidadmadres.ar/?page_id=4658">Cine e Historia: Argentina busca su liberación</a><br>Inicio: martes 20 de octubre | 20hs<br>Modalidad: presencial</p>



<p class="has-medium-font-size wp-block-paragraph">👩‍⚖️ <a href="https://universidadmadres.ar/?page_id=4668">De los barrios al recinto: participación política de las mujeres en Argentina</a><br>Inicio: miércoles 21 de octubre | 18hs<br>Modalidad: híbrida</p>



<p class="has-medium-font-size wp-block-paragraph">🎸 <a href="https://universidadmadres.ar/?page_id=4672">Taller de Luthería: armado colectivo de una guitarra</a><br>Inicio: martes 15 de septiembre | 17hs<br>Modalidad: presencial</p>



<p class="has-medium-font-size wp-block-paragraph">🧩 <a href="https://universidadmadres.ar/?page_id=4681">Taller de Mosaiquismo</a><br>Inicio: martes 15 de septiembre | 14hs<br>Modalidad: presencial</p>



<p class="has-white-color has-text-color has-link-color wp-elements-3 wp-block-paragraph">.</p>



<p class="has-large-font-size wp-block-paragraph"><strong>Para inscribirse&nbsp;<a href="https://docs.google.com/forms/d/e/1FAIpQLSebb0xj9cIcdh6pbsSgf-QNROgRkcXFViXRCEwhfALq70aqbg/viewform">ingresar a este enlace</a></strong></p>



<p class="has-medium-font-size wp-block-paragraph"></p>



<p class="has-medium-font-size wp-block-paragraph"></p>



<p class="has-medium-font-size wp-block-paragraph"></p>



<p class="has-medium-font-size wp-block-paragraph"></p>



<p class="has-medium-font-size wp-block-paragraph"></p>



<p class="has-medium-font-size wp-block-paragraph"></p>



<p class="wp-block-paragraph"></p>



<p class="has-white-color has-text-color has-link-color wp-elements-4 wp-block-paragraph">.</p>



<p class="has-black-color has-text-color has-link-color has-medium-font-size wp-elements-5 wp-block-paragraph"><strong><a href="https://forms.gle/CBHRpzcywwcJBrh26" data-type="link" data-id="https://forms.gle/CBHRpzcywwcJBrh26">Para inscribirte, clikea en la siguiente imagen para ingresar al enlace donde deberás completar los datos que validen tu inscripción: </a></strong></p>



<figure class="wp-block-image size-large is-resized"><a href="https://docs.google.com/forms/d/e/1FAIpQLSebb0xj9cIcdh6pbsSgf-QNROgRkcXFViXRCEwhfALq70aqbg/viewform"><img loading="lazy" decoding="async" width="1024" height="440" src="https://universidadmadres.ar/wp-content/uploads/2026/03/enlace-1024x440.jpg" alt="" class="wp-image-4272" style="aspect-ratio:2.3274608049135286;width:624px;height:auto" srcset="https://universidadmadres.ar/wp-content/uploads/2026/03/enlace-1024x440.jpg 1024w, https://universidadmadres.ar/wp-content/uploads/2026/03/enlace-300x129.jpg 300w, https://universidadmadres.ar/wp-content/uploads/2026/03/enlace-768x330.jpg 768w, https://universidadmadres.ar/wp-content/uploads/2026/03/enlace-1536x660.jpg 1536w, https://universidadmadres.ar/wp-content/uploads/2026/03/enlace.jpg 1848w" sizes="auto, (max-width: 1024px) 100vw, 1024px" /></a></figure>



<p class="has-white-color has-text-color has-link-color wp-elements-6 wp-block-paragraph">.</p>



<p class="has-medium-font-size wp-block-paragraph"><strong>Para consultas, escribir a: contactounidelasmadres@gmail.com</strong></p>



<p class="has-white-color has-text-color has-link-color wp-elements-7 wp-block-paragraph">.</p>



<p class="has-large-font-size wp-block-paragraph">¡La UNMa <strong>NO</strong> es la Universidad de las Madres! </p>



<p class="has-large-font-size wp-block-paragraph">¡La única Universidad de las Madres es donde están ellas!</p>



<h4 class="wp-block-heading">Hipólito Yrigoyen 1584 / CABA &#8211; Argentina</h4>



<p class="has-white-color has-text-color has-link-color wp-elements-8 wp-block-paragraph">.</p>



<p class="wp-block-paragraph"></p>

<p>Comienza la inscripción a los Cursos de Formación y Seminarios de la Universidad Centro de Fromación Madres de Plaza de Mayo Septiembre &#8211; Octubre 2026. Una propuesta abierta a toda la comunidad y orientada a fortalecer la formación política popular y con compromiso social. Se&#8230;</p>
