{"id":4261,"date":"2026-03-03T21:14:14","date_gmt":"2026-03-03T21:14:14","guid":{"rendered":"https:\/\/universidadmadres.ar\/?page_id=4261"},"modified":"2026-03-31T00:48:08","modified_gmt":"2026-03-31T00:48:08","slug":"sumate-a-las-propuestas-formativas-de-la-universidad-de-las-madres","status":"publish","type":"page","link":"https:\/\/universidadmadres.ar\/?page_id=4261","title":{"rendered":"Sumate a las Propuestas Formativas de la Universidad de las Madres \u00a0"},"content":{"rendered":"\n<p class=\"has-medium-font-size\">Comienza la inscripci\u00f3n a los Cursos de Formaci\u00f3n y Seminarios de la Universidad de las Madres de Plaza de Mayo 2026. Una propuesta abierta a toda la comunidad y orientada a fortalecer la formaci\u00f3n pol\u00edtica popular y con compromiso social. <\/p>\n\n\n\n<p class=\"has-medium-font-size\">\ud83d\udcdaBecas para Seminarios y Cursos<br>Teniendo en cuenta la situaci\u00f3n econ\u00f3mica que est\u00e1 atravesando el Pueblo argentino a partir de las pol\u00edticas neoliberales impulsadas por el gobierno, las Madres de Plaza de Mayo han decidido ofrecer becas del 100% a quienes as\u00ed lo necesiten.<br>\u27a1\ufe0f Sin embargo, para poder seguir sosteniendo la Casa de las Madres, pod\u00e9s realizar un aporte solidario.<\/p>\n\n\n\n<p class=\"has-medium-font-size\">Impulsada por la hist\u00f3rica lucha de la Asociaci\u00f3n Madres de Plaza de Mayo, la Universidad reafirma su vocaci\u00f3n de construir espacios de formaci\u00f3n integral, pensamiento cr\u00edtico y participaci\u00f3n colectiva.<\/p>\n\n\n\n<p class=\"has-medium-font-size\">\u201cLas Madres queremos que los j\u00f3venes aprendan a darle valor a la vida y a la palabra\u201d expresaron nuestras Madres, retomando el legado de Hebe de Bonafini y su hist\u00f3rica definici\u00f3n: \u201cLa \u00fanica lucha que se pierde es la que se abandona\u201d.<\/p>\n\n\n\n<p class=\"has-medium-font-size\">Los Seminarios tendr\u00e1n una duraci\u00f3n de hasta 7 meses, en tanto que los Cursos durar\u00e1n entre 1 y 3 meses. Est\u00e1n dirigidos a militantes, trabajadores y trabajadoras, estudiantes, vecinos y vecinas, y a toda persona interesada en formarse en herramientas comunicacionales, culturales y oficios con perspectiva social y comunitaria. Cada uno contar\u00e1 con informaci\u00f3n detallada sobre coordinaci\u00f3n, objetivos, contenidos, duraci\u00f3n y modalidad, disponible a trav\u00e9s de los canales oficiales de la Universidad.<\/p>\n\n\n\n<p class=\"has-white-color has-text-color has-link-color wp-elements-7e4ac651328708ea719ac0894fa30934\">.<\/p>\n\n\n\n<p class=\"has-large-font-size\"><strong>Seminarios<\/strong><\/p>\n\n\n\n<p class=\"has-medium-font-size\"><strong>Lunes<\/strong><br><a href=\"https:\/\/universidadmadres.ar\/?page_id=4277\" data-type=\"link\" data-id=\"https:\/\/universidadmadres.ar\/?page_id=4277\">-Teor\u00eda y praxis del video pol\u00edtico callejero <\/a><br>Coordinaci\u00f3n: Mario Bravo Gallardo<br>\u23f0 18:30 \u2013 20:30<br>\ud83d\udccd Presencial<br><\/p>\n\n\n\n<p class=\"has-medium-font-size\">&#8211;<a href=\"https:\/\/universidadmadres.ar\/?page_id=4286\" data-type=\"link\" data-id=\"https:\/\/universidadmadres.ar\/?page_id=4286\">Sembrando resistencia, cosechando soberan\u00eda terap\u00e9utica y alimentaria<\/a><br>Coordinaci\u00f3n: Flores de Libertad<br>\u23f0 19:00 \u2013 21:00<br>\ud83d\udccd Modalidad mixta<br><\/p>\n\n\n\n<p class=\"has-medium-font-size\"><strong>Martes<\/strong><br>&#8211;<a href=\"https:\/\/universidadmadres.ar\/?page_id=4285\" data-type=\"link\" data-id=\"https:\/\/universidadmadres.ar\/?page_id=4285\">La Antipo\u00e9tica de lo real: el documental de investigaci\u00f3n<\/a><br>Coordinaci\u00f3n: Mario Bravo Gallardo<br>\u23f0 18:30 \u2013 20:30<br>\ud83d\udccd Presencial<\/p>\n\n\n\n<p class=\"has-medium-font-size\">&#8211;<a href=\"https:\/\/universidadmadres.ar\/?page_id=4290\" data-type=\"link\" data-id=\"https:\/\/universidadmadres.ar\/?page_id=4290\">Luther\u00eda: creaci\u00f3n colectiva de una guitarra<\/a><br>Coordinaci\u00f3n: Silvia Spina<br>\u23f0 17:00 \u2013 20:00<br>\ud83d\udccd Presencial<\/p>\n\n\n\n<p class=\"has-medium-font-size\"><strong>Mi\u00e9rcoles<\/strong><br>&#8211;<a href=\"https:\/\/universidadmadres.ar\/?page_id=4281\" data-type=\"link\" data-id=\"https:\/\/universidadmadres.ar\/?page_id=4281\">Pensamiento revolucionario: Marx y Lenin para el siglo XXI<\/a><br>Coordinaci\u00f3n: Jos\u00e9 Schulman<br>\u23f0 20:00 \u2013 22:00<br>\ud83d\udcbb Virtual<br><\/p>\n\n\n\n<p class=\"has-medium-font-size\">&#8211;<a href=\"https:\/\/universidadmadres.ar\/?page_id=4293\" data-type=\"link\" data-id=\"https:\/\/universidadmadres.ar\/?page_id=4293\">Fotoperiodismo. La imagen como testimonio<\/a><br>Coordinaci\u00f3n: Florencia de la Vega<br>\u23f0 19:00 \u2013 21:00<br>\ud83d\udccd Presencial<br><\/p>\n\n\n\n<p class=\"has-medium-font-size\"><strong>Viernes<\/strong><br>&#8211;<a href=\"https:\/\/universidadmadres.ar\/?page_id=4287\" data-type=\"link\" data-id=\"https:\/\/universidadmadres.ar\/?page_id=4287\">Ajedrez: ideas en juego<\/a><br>Coordinaci\u00f3n: Javier Morales<br>\u23f0 20:00 \u2013 22:00<br>\ud83d\udcbb Virtual<\/p>\n\n\n\n<p class=\"has-white-color has-text-color has-link-color wp-elements-7e4ac651328708ea719ac0894fa30934\">.<\/p>\n\n\n\n<p class=\"has-large-font-size\"><strong>Cursos<\/strong><\/p>\n\n\n\n<p class=\"has-medium-font-size\"><strong>Martes<\/strong><br>&#8211;<a href=\"https:\/\/universidadmadres.ar\/?page_id=4298\" data-type=\"link\" data-id=\"https:\/\/universidadmadres.ar\/?page_id=4298\">Ortega Pe\u00f1a y Duhalde. Abogados entre la historia y la revoluci\u00f3n<\/a><br>Coordinaci\u00f3n: Luis Hip\u00f3lito Al\u00e9n<br>\u23f0 17:00 \u2013 19:00<br>\ud83d\udcbb Virtual<\/p>\n\n\n\n<p class=\"has-medium-font-size\">&#8211; <a href=\"https:\/\/universidadmadres.ar\/?page_id=4313\" data-type=\"link\" data-id=\"https:\/\/universidadmadres.ar\/?page_id=4313\">T\u00edteres irreverentes: El Legado de Hebe de Bonafini<\/a><br>Coordinaci\u00f3n: Ludmila Alma Ramos<br>\u23f0 14:00 \u2013 16:00<br>\ud83d\udccd Presencial<\/p>\n\n\n\n<p class=\"has-medium-font-size\">&#8211; <a href=\"https:\/\/universidadmadres.ar\/?page_id=4301\" data-type=\"link\" data-id=\"https:\/\/universidadmadres.ar\/?page_id=4301\">Historia de Las Madres de Plaza de Mayo I (1977\u20131986): de buscar a los hijos a nacer de ellos<\/a><br>Coordinaci\u00f3n: Demetrio Iramain, Elisa Epstein, Julieta Zingoni, Fernando Aschkar, Felipe Rinesi, V\u00edctor Lupia<br>\u23f0 18:00 \u2013 20:00<br>\ud83d\udccd Modalidad mixta<\/p>\n\n\n\n<p class=\"has-medium-font-size\"><\/p>\n\n\n\n<p class=\"has-medium-font-size\">Asimismo, se informa que integrantes de organizaciones podr\u00e1n acceder a descuentos especiales.&nbsp;<\/p>\n\n\n\n<p class=\"has-white-color has-text-color has-link-color wp-elements-7e4ac651328708ea719ac0894fa30934\">.<\/p>\n\n\n\n<p class=\"has-black-color has-text-color has-link-color has-medium-font-size wp-elements-fc2b27597ccd6b15ee99a040d2464bfd\"><strong><a href=\"https:\/\/forms.gle\/CBHRpzcywwcJBrh26\" data-type=\"link\" data-id=\"https:\/\/forms.gle\/CBHRpzcywwcJBrh26\">Para inscribirte, clikea en la siguiente imagen para ingresar al enlace donde deber\u00e1s completar los datos que validen tu inscripci\u00f3n: <\/a><\/strong><\/p>\n\n\n\n<figure class=\"wp-block-image size-large is-resized\"><a href=\"https:\/\/forms.gle\/CBHRpzcywwcJBrh26\"><img loading=\"lazy\" decoding=\"async\" width=\"1024\" height=\"440\" src=\"https:\/\/universidadmadres.ar\/wp-content\/uploads\/2026\/03\/enlace-1024x440.jpg\" alt=\"\" class=\"wp-image-4272\" style=\"aspect-ratio:2.3274608049135286;width:624px;height:auto\" srcset=\"https:\/\/universidadmadres.ar\/wp-content\/uploads\/2026\/03\/enlace-1024x440.jpg 1024w, https:\/\/universidadmadres.ar\/wp-content\/uploads\/2026\/03\/enlace-300x129.jpg 300w, https:\/\/universidadmadres.ar\/wp-content\/uploads\/2026\/03\/enlace-768x330.jpg 768w, https:\/\/universidadmadres.ar\/wp-content\/uploads\/2026\/03\/enlace-1536x660.jpg 1536w, https:\/\/universidadmadres.ar\/wp-content\/uploads\/2026\/03\/enlace.jpg 1848w\" sizes=\"auto, (max-width: 1024px) 100vw, 1024px\" \/><\/a><\/figure>\n\n\n\n<p class=\"has-white-color has-text-color has-link-color wp-elements-7e4ac651328708ea719ac0894fa30934\">.<\/p>\n\n\n\n<p class=\"has-medium-font-size\"><strong>Para consultas, escribir a: contactounidelasmadres@gmail.com<\/strong><\/p>\n\n\n\n<p class=\"has-white-color has-text-color has-link-color wp-elements-7e4ac651328708ea719ac0894fa30934\">.<\/p>\n\n\n\n<p class=\"has-large-font-size\">\u00a1La UNMa <strong>NO<\/strong> es la Universidad de las Madres! <\/p>\n\n\n\n<p class=\"has-large-font-size\">\u00a1La \u00fanica Universidad de las Madres es donde est\u00e1n ellas!<\/p>\n\n\n\n<h4 class=\"wp-block-heading\">Hip\u00f3lito Yrigoyen 1584 \/ CABA &#8211; Argentina<\/h4>\n\n\n\n<p class=\"has-white-color has-text-color has-link-color wp-elements-7e4ac651328708ea719ac0894fa30934\">.<\/p>\n\n\n\n<p><\/p>\n","protected":false},"excerpt":{"rendered":"<p>Comienza la inscripci\u00f3n a los Cursos de Formaci\u00f3n y Seminarios de la Universidad de las Madres de Plaza de Mayo 2026. Una propuesta abierta a toda la comunidad y orientada a fortalecer la formaci\u00f3n pol\u00edtica popular y con compromiso social. \ud83d\udcdaBecas para Seminarios y CursosTeniendo&#8230;<\/p>\n","protected":false},"author":2,"featured_media":4087,"parent":0,"menu_order":0,"comment_status":"closed","ping_status":"closed","template":"","meta":{"footnotes":""},"class_list":["post-4261","page","type-page","status-publish","has-post-thumbnail","hentry"],"_links":{"self":[{"href":"https:\/\/universidadmadres.ar\/index.php?rest_route=\/wp\/v2\/pages\/4261","targetHints":{"allow":["GET"]}}],"collection":[{"href":"https:\/\/universidadmadres.ar\/index.php?rest_route=\/wp\/v2\/pages"}],"about":[{"href":"https:\/\/universidadmadres.ar\/index.php?rest_route=\/wp\/v2\/types\/page"}],"author":[{"embeddable":true,"href":"https:\/\/universidadmadres.ar\/index.php?rest_route=\/wp\/v2\/users\/2"}],"replies":[{"embeddable":true,"href":"https:\/\/universidadmadres.ar\/index.php?rest_route=%2Fwp%2Fv2%2Fcomments&post=4261"}],"version-history":[{"count":15,"href":"https:\/\/universidadmadres.ar\/index.php?rest_route=\/wp\/v2\/pages\/4261\/revisions"}],"predecessor-version":[{"id":4367,"href":"https:\/\/universidadmadres.ar\/index.php?rest_route=\/wp\/v2\/pages\/4261\/revisions\/4367"}],"wp:featuredmedia":[{"embeddable":true,"href":"https:\/\/universidadmadres.ar\/index.php?rest_route=\/wp\/v2\/media\/4087"}],"wp:attachment":[{"href":"https:\/\/universidadmadres.ar\/index.php?rest_route=%2Fwp%2Fv2%2Fmedia&parent=4261"}],"curies":[{"name":"wp","href":"https:\/\/api.w.org\/{rel}","templated":true}]}}