{"id":4078,"date":"2025-08-06T14:51:16","date_gmt":"2025-08-06T14:51:16","guid":{"rendered":"https:\/\/universidadmadres.ar\/?page_id=4078"},"modified":"2025-08-06T14:51:17","modified_gmt":"2025-08-06T14:51:17","slug":"i-jornadas-interdisciplinarias-de-ddhh","status":"publish","type":"page","link":"https:\/\/universidadmadres.ar\/?page_id=4078","title":{"rendered":"I Jornadas Interdisciplinarias de DDHH"},"content":{"rendered":"\n<p class=\"has-medium-font-size\">Del 10 al 12 de diciembre del 2024 realizamos las I Jornadas Interdisciplinarias de DDHH de la Universidad de las Madres de Plaza de Mayo. M\u00e1s de 150 expositores y coordinadores abordaron desde diversas perspectivas problem\u00e1ticas en torno a la actualidad de los derechos humanos en nuestro pa\u00eds y el continente.&nbsp;<\/p>\n\n\n\n<p class=\"has-medium-font-size\">Contamos con la presentaci\u00f3n de libros, de la revista Rediunma, y de la obra teatral \u00abSer\u00e9\u00bb. Y tuvimos el honor de contar con una clase magistral la Dra. Dora Barrancos.<\/p>\n\n\n\n<figure class=\"wp-block-gallery has-nested-images columns-default is-cropped wp-block-gallery-1 is-layout-flex wp-block-gallery-is-layout-flex\">\n<figure class=\"wp-block-image size-large\"><img loading=\"lazy\" decoding=\"async\" width=\"1024\" height=\"768\" data-id=\"4081\" src=\"https:\/\/universidadmadres.ar\/wp-content\/uploads\/2025\/08\/20241212_171122-1024x768.jpg\" alt=\"\" class=\"wp-image-4081\" srcset=\"https:\/\/universidadmadres.ar\/wp-content\/uploads\/2025\/08\/20241212_171122-1024x768.jpg 1024w, https:\/\/universidadmadres.ar\/wp-content\/uploads\/2025\/08\/20241212_171122-300x225.jpg 300w, https:\/\/universidadmadres.ar\/wp-content\/uploads\/2025\/08\/20241212_171122-768x576.jpg 768w, https:\/\/universidadmadres.ar\/wp-content\/uploads\/2025\/08\/20241212_171122-1536x1152.jpg 1536w, https:\/\/universidadmadres.ar\/wp-content\/uploads\/2025\/08\/20241212_171122-800x600.jpg 800w\" sizes=\"auto, (max-width: 1024px) 100vw, 1024px\" \/><\/figure>\n\n\n\n<figure class=\"wp-block-image size-large\"><img loading=\"lazy\" decoding=\"async\" width=\"1024\" height=\"768\" data-id=\"4080\" src=\"https:\/\/universidadmadres.ar\/wp-content\/uploads\/2025\/08\/20241212_171031-1024x768.jpg\" alt=\"\" class=\"wp-image-4080\" srcset=\"https:\/\/universidadmadres.ar\/wp-content\/uploads\/2025\/08\/20241212_171031-1024x768.jpg 1024w, https:\/\/universidadmadres.ar\/wp-content\/uploads\/2025\/08\/20241212_171031-300x225.jpg 300w, https:\/\/universidadmadres.ar\/wp-content\/uploads\/2025\/08\/20241212_171031-768x576.jpg 768w, https:\/\/universidadmadres.ar\/wp-content\/uploads\/2025\/08\/20241212_171031-1536x1152.jpg 1536w, https:\/\/universidadmadres.ar\/wp-content\/uploads\/2025\/08\/20241212_171031-800x600.jpg 800w\" sizes=\"auto, (max-width: 1024px) 100vw, 1024px\" \/><\/figure>\n\n\n\n<figure class=\"wp-block-image size-large\"><img loading=\"lazy\" decoding=\"async\" width=\"1024\" height=\"768\" data-id=\"4083\" src=\"https:\/\/universidadmadres.ar\/wp-content\/uploads\/2025\/08\/20241212_173411-1024x768.jpg\" alt=\"\" class=\"wp-image-4083\" srcset=\"https:\/\/universidadmadres.ar\/wp-content\/uploads\/2025\/08\/20241212_173411-1024x768.jpg 1024w, https:\/\/universidadmadres.ar\/wp-content\/uploads\/2025\/08\/20241212_173411-300x225.jpg 300w, https:\/\/universidadmadres.ar\/wp-content\/uploads\/2025\/08\/20241212_173411-768x576.jpg 768w, https:\/\/universidadmadres.ar\/wp-content\/uploads\/2025\/08\/20241212_173411-1536x1152.jpg 1536w, https:\/\/universidadmadres.ar\/wp-content\/uploads\/2025\/08\/20241212_173411-800x600.jpg 800w\" sizes=\"auto, (max-width: 1024px) 100vw, 1024px\" \/><\/figure>\n\n\n\n<figure class=\"wp-block-image size-large\"><img loading=\"lazy\" decoding=\"async\" width=\"1024\" height=\"768\" data-id=\"4084\" src=\"https:\/\/universidadmadres.ar\/wp-content\/uploads\/2025\/08\/20241212_175506-1024x768.jpg\" alt=\"\" class=\"wp-image-4084\" srcset=\"https:\/\/universidadmadres.ar\/wp-content\/uploads\/2025\/08\/20241212_175506-1024x768.jpg 1024w, https:\/\/universidadmadres.ar\/wp-content\/uploads\/2025\/08\/20241212_175506-300x225.jpg 300w, https:\/\/universidadmadres.ar\/wp-content\/uploads\/2025\/08\/20241212_175506-768x576.jpg 768w, https:\/\/universidadmadres.ar\/wp-content\/uploads\/2025\/08\/20241212_175506-1536x1152.jpg 1536w, https:\/\/universidadmadres.ar\/wp-content\/uploads\/2025\/08\/20241212_175506-800x600.jpg 800w\" sizes=\"auto, (max-width: 1024px) 100vw, 1024px\" \/><\/figure>\n\n\n\n<figure class=\"wp-block-image size-large\"><img loading=\"lazy\" decoding=\"async\" width=\"1024\" height=\"768\" data-id=\"4082\" src=\"https:\/\/universidadmadres.ar\/wp-content\/uploads\/2025\/08\/20241212_200911-1024x768.jpg\" alt=\"\" class=\"wp-image-4082\" srcset=\"https:\/\/universidadmadres.ar\/wp-content\/uploads\/2025\/08\/20241212_200911-1024x768.jpg 1024w, https:\/\/universidadmadres.ar\/wp-content\/uploads\/2025\/08\/20241212_200911-300x225.jpg 300w, https:\/\/universidadmadres.ar\/wp-content\/uploads\/2025\/08\/20241212_200911-768x576.jpg 768w, https:\/\/universidadmadres.ar\/wp-content\/uploads\/2025\/08\/20241212_200911-1536x1152.jpg 1536w, https:\/\/universidadmadres.ar\/wp-content\/uploads\/2025\/08\/20241212_200911-800x600.jpg 800w\" sizes=\"auto, (max-width: 1024px) 100vw, 1024px\" \/><\/figure>\n<\/figure>\n\n\n\n<p class=\"has-medium-font-size\">Durante estos tres d\u00edas nuestra Universidad aloj\u00f3 debates fundamentales para pensar nuestro presente, pero especialmente para imaginar y construir un futuro distinto ante el avance feroz de discursos negacionistas y de odio.&nbsp;<\/p>\n\n\n\n<p class=\"has-medium-font-size\">Siendo la \u00fanica Universidad latinoamericana con una perspectiva integral y transversal en derechos humanos, esta acci\u00f3n forma parte fundante de nuestro quehacer acad\u00e9mico. Pero tambi\u00e9n da cuenta del aporte que las Universidades Nacionales brindamos a nuestras sociedades en pos de una mejor y m\u00e1s fecunda convivencia democr\u00e1tica.&nbsp;<\/p>\n\n\n\n<p class=\"has-medium-font-size\">Gracias a quienes se sumaron a organizar, a quienes participaron, y esperamos volver a encontrarnos el pr\u00f3ximo a\u00f1o en las II Jornadas Interdisciplinarias de DDHH.<\/p>\n\n\n\n<figure class=\"wp-block-gallery has-nested-images columns-default is-cropped wp-block-gallery-2 is-layout-flex wp-block-gallery-is-layout-flex\">\n<figure class=\"wp-block-image size-large\"><img loading=\"lazy\" decoding=\"async\" width=\"1024\" height=\"768\" data-id=\"4085\" src=\"https:\/\/universidadmadres.ar\/wp-content\/uploads\/2025\/08\/20241210_183548-1024x768.jpg\" alt=\"\" class=\"wp-image-4085\" srcset=\"https:\/\/universidadmadres.ar\/wp-content\/uploads\/2025\/08\/20241210_183548-1024x768.jpg 1024w, https:\/\/universidadmadres.ar\/wp-content\/uploads\/2025\/08\/20241210_183548-300x225.jpg 300w, https:\/\/universidadmadres.ar\/wp-content\/uploads\/2025\/08\/20241210_183548-768x576.jpg 768w, https:\/\/universidadmadres.ar\/wp-content\/uploads\/2025\/08\/20241210_183548-1536x1152.jpg 1536w, https:\/\/universidadmadres.ar\/wp-content\/uploads\/2025\/08\/20241210_183548-800x600.jpg 800w\" sizes=\"auto, (max-width: 1024px) 100vw, 1024px\" \/><\/figure>\n\n\n\n<figure class=\"wp-block-image size-large\"><img loading=\"lazy\" decoding=\"async\" width=\"1024\" height=\"768\" data-id=\"4088\" src=\"https:\/\/universidadmadres.ar\/wp-content\/uploads\/2025\/08\/20241210_183037-1024x768.jpg\" alt=\"\" class=\"wp-image-4088\" srcset=\"https:\/\/universidadmadres.ar\/wp-content\/uploads\/2025\/08\/20241210_183037-1024x768.jpg 1024w, https:\/\/universidadmadres.ar\/wp-content\/uploads\/2025\/08\/20241210_183037-300x225.jpg 300w, https:\/\/universidadmadres.ar\/wp-content\/uploads\/2025\/08\/20241210_183037-768x576.jpg 768w, https:\/\/universidadmadres.ar\/wp-content\/uploads\/2025\/08\/20241210_183037-1536x1152.jpg 1536w, https:\/\/universidadmadres.ar\/wp-content\/uploads\/2025\/08\/20241210_183037-800x600.jpg 800w\" sizes=\"auto, (max-width: 1024px) 100vw, 1024px\" \/><\/figure>\n\n\n\n<figure class=\"wp-block-image size-large\"><img loading=\"lazy\" decoding=\"async\" width=\"1024\" height=\"768\" data-id=\"4089\" src=\"https:\/\/universidadmadres.ar\/wp-content\/uploads\/2025\/08\/20241210_163454-1024x768.jpg\" alt=\"\" class=\"wp-image-4089\" srcset=\"https:\/\/universidadmadres.ar\/wp-content\/uploads\/2025\/08\/20241210_163454-1024x768.jpg 1024w, https:\/\/universidadmadres.ar\/wp-content\/uploads\/2025\/08\/20241210_163454-300x225.jpg 300w, https:\/\/universidadmadres.ar\/wp-content\/uploads\/2025\/08\/20241210_163454-768x576.jpg 768w, https:\/\/universidadmadres.ar\/wp-content\/uploads\/2025\/08\/20241210_163454-1536x1152.jpg 1536w, https:\/\/universidadmadres.ar\/wp-content\/uploads\/2025\/08\/20241210_163454-800x600.jpg 800w\" sizes=\"auto, (max-width: 1024px) 100vw, 1024px\" \/><\/figure>\n\n\n\n<figure class=\"wp-block-image size-large\"><img loading=\"lazy\" decoding=\"async\" width=\"1024\" height=\"768\" data-id=\"4087\" src=\"https:\/\/universidadmadres.ar\/wp-content\/uploads\/2025\/08\/20241210_191608-1-1024x768.jpg\" alt=\"\" class=\"wp-image-4087\" srcset=\"https:\/\/universidadmadres.ar\/wp-content\/uploads\/2025\/08\/20241210_191608-1-1024x768.jpg 1024w, https:\/\/universidadmadres.ar\/wp-content\/uploads\/2025\/08\/20241210_191608-1-300x225.jpg 300w, https:\/\/universidadmadres.ar\/wp-content\/uploads\/2025\/08\/20241210_191608-1-768x576.jpg 768w, https:\/\/universidadmadres.ar\/wp-content\/uploads\/2025\/08\/20241210_191608-1-1536x1152.jpg 1536w, https:\/\/universidadmadres.ar\/wp-content\/uploads\/2025\/08\/20241210_191608-1-800x600.jpg 800w\" sizes=\"auto, (max-width: 1024px) 100vw, 1024px\" \/><\/figure>\n\n\n\n<figure class=\"wp-block-image size-large\"><img loading=\"lazy\" decoding=\"async\" width=\"1024\" height=\"768\" data-id=\"4086\" src=\"https:\/\/universidadmadres.ar\/wp-content\/uploads\/2025\/08\/20241211_172018-1024x768.jpg\" alt=\"\" class=\"wp-image-4086\" srcset=\"https:\/\/universidadmadres.ar\/wp-content\/uploads\/2025\/08\/20241211_172018-1024x768.jpg 1024w, https:\/\/universidadmadres.ar\/wp-content\/uploads\/2025\/08\/20241211_172018-300x225.jpg 300w, https:\/\/universidadmadres.ar\/wp-content\/uploads\/2025\/08\/20241211_172018-768x576.jpg 768w, https:\/\/universidadmadres.ar\/wp-content\/uploads\/2025\/08\/20241211_172018-1536x1152.jpg 1536w, https:\/\/universidadmadres.ar\/wp-content\/uploads\/2025\/08\/20241211_172018-800x600.jpg 800w\" sizes=\"auto, (max-width: 1024px) 100vw, 1024px\" \/><\/figure>\n<\/figure>\n","protected":false},"excerpt":{"rendered":"<p>Del 10 al 12 de diciembre del 2024 realizamos las I Jornadas Interdisciplinarias de DDHH de la Universidad de las Madres de Plaza de Mayo. M\u00e1s de 150 expositores y coordinadores abordaron desde diversas perspectivas problem\u00e1ticas en torno a la actualidad de los derechos humanos&#8230;<\/p>\n","protected":false},"author":2,"featured_media":4079,"parent":0,"menu_order":0,"comment_status":"closed","ping_status":"closed","template":"","meta":{"footnotes":""},"class_list":["post-4078","page","type-page","status-publish","has-post-thumbnail","hentry"],"_links":{"self":[{"href":"https:\/\/universidadmadres.ar\/index.php?rest_route=\/wp\/v2\/pages\/4078","targetHints":{"allow":["GET"]}}],"collection":[{"href":"https:\/\/universidadmadres.ar\/index.php?rest_route=\/wp\/v2\/pages"}],"about":[{"href":"https:\/\/universidadmadres.ar\/index.php?rest_route=\/wp\/v2\/types\/page"}],"author":[{"embeddable":true,"href":"https:\/\/universidadmadres.ar\/index.php?rest_route=\/wp\/v2\/users\/2"}],"replies":[{"embeddable":true,"href":"https:\/\/universidadmadres.ar\/index.php?rest_route=%2Fwp%2Fv2%2Fcomments&post=4078"}],"version-history":[{"count":1,"href":"https:\/\/universidadmadres.ar\/index.php?rest_route=\/wp\/v2\/pages\/4078\/revisions"}],"predecessor-version":[{"id":4090,"href":"https:\/\/universidadmadres.ar\/index.php?rest_route=\/wp\/v2\/pages\/4078\/revisions\/4090"}],"wp:featuredmedia":[{"embeddable":true,"href":"https:\/\/universidadmadres.ar\/index.php?rest_route=\/wp\/v2\/media\/4079"}],"wp:attachment":[{"href":"https:\/\/universidadmadres.ar\/index.php?rest_route=%2Fwp%2Fv2%2Fmedia&parent=4078"}],"curies":[{"name":"wp","href":"https:\/\/api.w.org\/{rel}","templated":true}]}}

<p class="has-medium-font-size">Del 10 al 12 de diciembre del 2024 realizamos las I Jornadas Interdisciplinarias de DDHH de la Universidad de las Madres de Plaza de Mayo. Más de 150 expositores y coordinadores abordaron desde diversas perspectivas problemáticas en torno a la actualidad de los derechos humanos en nuestro país y el continente.&nbsp;</p>



<p class="has-medium-font-size">Contamos con la presentación de libros, de la revista Rediunma, y de la obra teatral «Seré». Y tuvimos el honor de contar con una clase magistral la Dra. Dora Barrancos.</p>



<figure class="wp-block-gallery has-nested-images columns-default is-cropped wp-block-gallery-1 is-layout-flex wp-block-gallery-is-layout-flex">
<figure class="wp-block-image size-large"><img loading="lazy" decoding="async" width="1024" height="768" data-id="4081" src="https://universidadmadres.ar/wp-content/uploads/2025/08/20241212_171122-1024x768.jpg" alt="" class="wp-image-4081" srcset="https://universidadmadres.ar/wp-content/uploads/2025/08/20241212_171122-1024x768.jpg 1024w, https://universidadmadres.ar/wp-content/uploads/2025/08/20241212_171122-300x225.jpg 300w, https://universidadmadres.ar/wp-content/uploads/2025/08/20241212_171122-768x576.jpg 768w, https://universidadmadres.ar/wp-content/uploads/2025/08/20241212_171122-1536x1152.jpg 1536w, https://universidadmadres.ar/wp-content/uploads/2025/08/20241212_171122-800x600.jpg 800w" sizes="auto, (max-width: 1024px) 100vw, 1024px" /></figure>



<figure class="wp-block-image size-large"><img loading="lazy" decoding="async" width="1024" height="768" data-id="4080" src="https://universidadmadres.ar/wp-content/uploads/2025/08/20241212_171031-1024x768.jpg" alt="" class="wp-image-4080" srcset="https://universidadmadres.ar/wp-content/uploads/2025/08/20241212_171031-1024x768.jpg 1024w, https://universidadmadres.ar/wp-content/uploads/2025/08/20241212_171031-300x225.jpg 300w, https://universidadmadres.ar/wp-content/uploads/2025/08/20241212_171031-768x576.jpg 768w, https://universidadmadres.ar/wp-content/uploads/2025/08/20241212_171031-1536x1152.jpg 1536w, https://universidadmadres.ar/wp-content/uploads/2025/08/20241212_171031-800x600.jpg 800w" sizes="auto, (max-width: 1024px) 100vw, 1024px" /></figure>



<figure class="wp-block-image size-large"><img loading="lazy" decoding="async" width="1024" height="768" data-id="4083" src="https://universidadmadres.ar/wp-content/uploads/2025/08/20241212_173411-1024x768.jpg" alt="" class="wp-image-4083" srcset="https://universidadmadres.ar/wp-content/uploads/2025/08/20241212_173411-1024x768.jpg 1024w, https://universidadmadres.ar/wp-content/uploads/2025/08/20241212_173411-300x225.jpg 300w, https://universidadmadres.ar/wp-content/uploads/2025/08/20241212_173411-768x576.jpg 768w, https://universidadmadres.ar/wp-content/uploads/2025/08/20241212_173411-1536x1152.jpg 1536w, https://universidadmadres.ar/wp-content/uploads/2025/08/20241212_173411-800x600.jpg 800w" sizes="auto, (max-width: 1024px) 100vw, 1024px" /></figure>



<figure class="wp-block-image size-large"><img loading="lazy" decoding="async" width="1024" height="768" data-id="4084" src="https://universidadmadres.ar/wp-content/uploads/2025/08/20241212_175506-1024x768.jpg" alt="" class="wp-image-4084" srcset="https://universidadmadres.ar/wp-content/uploads/2025/08/20241212_175506-1024x768.jpg 1024w, https://universidadmadres.ar/wp-content/uploads/2025/08/20241212_175506-300x225.jpg 300w, https://universidadmadres.ar/wp-content/uploads/2025/08/20241212_175506-768x576.jpg 768w, https://universidadmadres.ar/wp-content/uploads/2025/08/20241212_175506-1536x1152.jpg 1536w, https://universidadmadres.ar/wp-content/uploads/2025/08/20241212_175506-800x600.jpg 800w" sizes="auto, (max-width: 1024px) 100vw, 1024px" /></figure>



<figure class="wp-block-image size-large"><img loading="lazy" decoding="async" width="1024" height="768" data-id="4082" src="https://universidadmadres.ar/wp-content/uploads/2025/08/20241212_200911-1024x768.jpg" alt="" class="wp-image-4082" srcset="https://universidadmadres.ar/wp-content/uploads/2025/08/20241212_200911-1024x768.jpg 1024w, https://universidadmadres.ar/wp-content/uploads/2025/08/20241212_200911-300x225.jpg 300w, https://universidadmadres.ar/wp-content/uploads/2025/08/20241212_200911-768x576.jpg 768w, https://universidadmadres.ar/wp-content/uploads/2025/08/20241212_200911-1536x1152.jpg 1536w, https://universidadmadres.ar/wp-content/uploads/2025/08/20241212_200911-800x600.jpg 800w" sizes="auto, (max-width: 1024px) 100vw, 1024px" /></figure>
</figure>



<p class="has-medium-font-size">Durante estos tres días nuestra Universidad alojó debates fundamentales para pensar nuestro presente, pero especialmente para imaginar y construir un futuro distinto ante el avance feroz de discursos negacionistas y de odio.&nbsp;</p>



<p class="has-medium-font-size">Siendo la única Universidad latinoamericana con una perspectiva integral y transversal en derechos humanos, esta acción forma parte fundante de nuestro quehacer académico. Pero también da cuenta del aporte que las Universidades Nacionales brindamos a nuestras sociedades en pos de una mejor y más fecunda convivencia democrática.&nbsp;</p>



<p class="has-medium-font-size">Gracias a quienes se sumaron a organizar, a quienes participaron, y esperamos volver a encontrarnos el próximo año en las II Jornadas Interdisciplinarias de DDHH.</p>



<figure class="wp-block-gallery has-nested-images columns-default is-cropped wp-block-gallery-2 is-layout-flex wp-block-gallery-is-layout-flex">
<figure class="wp-block-image size-large"><img loading="lazy" decoding="async" width="1024" height="768" data-id="4085" src="https://universidadmadres.ar/wp-content/uploads/2025/08/20241210_183548-1024x768.jpg" alt="" class="wp-image-4085" srcset="https://universidadmadres.ar/wp-content/uploads/2025/08/20241210_183548-1024x768.jpg 1024w, https://universidadmadres.ar/wp-content/uploads/2025/08/20241210_183548-300x225.jpg 300w, https://universidadmadres.ar/wp-content/uploads/2025/08/20241210_183548-768x576.jpg 768w, https://universidadmadres.ar/wp-content/uploads/2025/08/20241210_183548-1536x1152.jpg 1536w, https://universidadmadres.ar/wp-content/uploads/2025/08/20241210_183548-800x600.jpg 800w" sizes="auto, (max-width: 1024px) 100vw, 1024px" /></figure>



<figure class="wp-block-image size-large"><img loading="lazy" decoding="async" width="1024" height="768" data-id="4088" src="https://universidadmadres.ar/wp-content/uploads/2025/08/20241210_183037-1024x768.jpg" alt="" class="wp-image-4088" srcset="https://universidadmadres.ar/wp-content/uploads/2025/08/20241210_183037-1024x768.jpg 1024w, https://universidadmadres.ar/wp-content/uploads/2025/08/20241210_183037-300x225.jpg 300w, https://universidadmadres.ar/wp-content/uploads/2025/08/20241210_183037-768x576.jpg 768w, https://universidadmadres.ar/wp-content/uploads/2025/08/20241210_183037-1536x1152.jpg 1536w, https://universidadmadres.ar/wp-content/uploads/2025/08/20241210_183037-800x600.jpg 800w" sizes="auto, (max-width: 1024px) 100vw, 1024px" /></figure>



<figure class="wp-block-image size-large"><img loading="lazy" decoding="async" width="1024" height="768" data-id="4089" src="https://universidadmadres.ar/wp-content/uploads/2025/08/20241210_163454-1024x768.jpg" alt="" class="wp-image-4089" srcset="https://universidadmadres.ar/wp-content/uploads/2025/08/20241210_163454-1024x768.jpg 1024w, https://universidadmadres.ar/wp-content/uploads/2025/08/20241210_163454-300x225.jpg 300w, https://universidadmadres.ar/wp-content/uploads/2025/08/20241210_163454-768x576.jpg 768w, https://universidadmadres.ar/wp-content/uploads/2025/08/20241210_163454-1536x1152.jpg 1536w, https://universidadmadres.ar/wp-content/uploads/2025/08/20241210_163454-800x600.jpg 800w" sizes="auto, (max-width: 1024px) 100vw, 1024px" /></figure>



<figure class="wp-block-image size-large"><img loading="lazy" decoding="async" width="1024" height="768" data-id="4087" src="https://universidadmadres.ar/wp-content/uploads/2025/08/20241210_191608-1-1024x768.jpg" alt="" class="wp-image-4087" srcset="https://universidadmadres.ar/wp-content/uploads/2025/08/20241210_191608-1-1024x768.jpg 1024w, https://universidadmadres.ar/wp-content/uploads/2025/08/20241210_191608-1-300x225.jpg 300w, https://universidadmadres.ar/wp-content/uploads/2025/08/20241210_191608-1-768x576.jpg 768w, https://universidadmadres.ar/wp-content/uploads/2025/08/20241210_191608-1-1536x1152.jpg 1536w, https://universidadmadres.ar/wp-content/uploads/2025/08/20241210_191608-1-800x600.jpg 800w" sizes="auto, (max-width: 1024px) 100vw, 1024px" /></figure>



<figure class="wp-block-image size-large"><img loading="lazy" decoding="async" width="1024" height="768" data-id="4086" src="https://universidadmadres.ar/wp-content/uploads/2025/08/20241211_172018-1024x768.jpg" alt="" class="wp-image-4086" srcset="https://universidadmadres.ar/wp-content/uploads/2025/08/20241211_172018-1024x768.jpg 1024w, https://universidadmadres.ar/wp-content/uploads/2025/08/20241211_172018-300x225.jpg 300w, https://universidadmadres.ar/wp-content/uploads/2025/08/20241211_172018-768x576.jpg 768w, https://universidadmadres.ar/wp-content/uploads/2025/08/20241211_172018-1536x1152.jpg 1536w, https://universidadmadres.ar/wp-content/uploads/2025/08/20241211_172018-800x600.jpg 800w" sizes="auto, (max-width: 1024px) 100vw, 1024px" /></figure>
</figure>

<p>Del 10 al 12 de diciembre del 2024 realizamos las I Jornadas Interdisciplinarias de DDHH de la Universidad de las Madres de Plaza de Mayo. Más de 150 expositores y coordinadores abordaron desde diversas perspectivas problemáticas en torno a la actualidad de los derechos humanos&#8230;</p>
